Last updated on 2023-03-22 05:52:20 CET.
Flavor | Version | Tinstall | Tcheck | Ttotal | Status | Flags |
---|---|---|---|---|---|---|
r-devel-linux-x86_64-debian-clang | 0.9.8 | 14.09 | 166.54 | 180.63 | OK | |
r-devel-linux-x86_64-debian-gcc | 0.9.8 | 11.76 | 127.96 | 139.72 | OK | |
r-devel-linux-x86_64-fedora-clang | 0.9.8 | 229.08 | NOTE | |||
r-devel-linux-x86_64-fedora-gcc | 0.9.8 | 227.67 | NOTE | |||
r-devel-windows-x86_64 | 0.9.8 | 34.00 | 212.00 | 246.00 | OK | |
r-patched-linux-x86_64 | 0.9.8 | 16.91 | 155.59 | 172.50 | OK | |
r-release-linux-x86_64 | 0.9.8 | 12.11 | 154.38 | 166.49 | OK | |
r-release-macos-arm64 | 0.9.8 | 69.00 | NOTE | |||
r-release-macos-x86_64 | 0.9.8 | 85.00 | NOTE | |||
r-release-windows-x86_64 | 0.9.8 | 32.00 | 211.00 | 243.00 | OK | |
r-oldrel-macos-arm64 | 0.9.8 | 65.00 | NOTE | |||
r-oldrel-macos-x86_64 | 0.9.8 | 79.00 | NOTE | |||
r-oldrel-windows-ix86+x86_64 | 0.9.8 | 53.00 | 215.00 | 268.00 | OK |
Version: 0.9.8
Check: data for non-ASCII characters
Result: NOTE
Note: found 10089 marked UTF-8 strings
Flavors: r-devel-linux-x86_64-fedora-clang, r-devel-linux-x86_64-fedora-gcc, r-release-macos-arm64, r-release-macos-x86_64, r-oldrel-macos-arm64, r-oldrel-macos-x86_64