CRAN Package Check Results for Package bgmm

Last updated on 2022-01-17 06:53:09 CET.

Flavor Version Tinstall Tcheck Ttotal Status Flags
r-devel-linux-x86_64-debian-clang 1.8.5 4.87 57.83 62.70 OK
r-devel-linux-x86_64-debian-gcc 1.8.5 3.63 43.27 46.90 OK
r-devel-linux-x86_64-fedora-clang 1.8.5 76.55 OK
r-devel-linux-x86_64-fedora-gcc 1.8.5 63.88 OK
r-devel-windows-x86_64-new-UL 1.8.5 28.00 75.00 103.00 OK
r-devel-windows-x86_64-new-TK 1.8.5 ERROR
r-patched-linux-x86_64 1.8.5 5.74 55.85 61.59 OK
r-release-linux-x86_64 1.8.5 OK
r-release-macos-arm64 1.8.5 OK
r-release-macos-x86_64 1.8.5 OK
r-release-windows-ix86+x86_64 1.8.5 14.00 68.00 82.00 OK
r-oldrel-macos-x86_64 1.8.5 OK
r-oldrel-windows-ix86+x86_64 1.8.5 11.00 66.00 77.00 OK

Check Details

Version: 1.8.5
Check: package dependencies
Result: ERROR
    Package required but not available: 'car'
    
    See section 'The DESCRIPTION file' in the 'Writing R Extensions'
    manual.
Flavor: r-devel-windows-x86_64-new-TK