Last updated on 2023-01-27 07:50:28 CET.
Flavor | Version | Tinstall | Tcheck | Ttotal | Status | Flags |
---|---|---|---|---|---|---|
r-devel-linux-x86_64-debian-clang | 1.3 | 36.84 | 81.01 | 117.85 | OK | |
r-devel-linux-x86_64-debian-gcc | 1.3 | 28.85 | 61.51 | 90.36 | NOTE | |
r-devel-linux-x86_64-fedora-clang | 1.3 | 165.11 | NOTE | |||
r-devel-linux-x86_64-fedora-gcc | 1.3 | 161.23 | NOTE | |||
r-devel-windows-x86_64 | 1.3 | 52.00 | 140.00 | 192.00 | OK | |
r-patched-linux-x86_64 | 1.3 | 31.76 | 78.22 | 109.98 | OK | |
r-release-linux-x86_64 | 1.3 | 28.14 | 77.99 | 106.13 | OK | |
r-release-macos-arm64 | 1.3 | 48.00 | NOTE | |||
r-release-macos-x86_64 | 1.3 | 82.00 | NOTE | |||
r-release-windows-x86_64 | 1.3 | 51.00 | 154.00 | 205.00 | OK | |
r-oldrel-macos-arm64 | 1.3 | 45.00 | NOTE | |||
r-oldrel-macos-x86_64 | 1.3 | 119.00 | NOTE | |||
r-oldrel-windows-ix86+x86_64 | 1.3 | 90.00 | 175.00 | 265.00 | OK |
Version: 1.3
Check: C++ specification
Result: NOTE
Specified C++11: please update to current default of C++17
Flavors: r-devel-linux-x86_64-debian-gcc, r-devel-linux-x86_64-fedora-gcc
Version: 1.3
Check: dependencies in R code
Result: NOTE
Namespaces in Imports field not imported from:
‘DAAG’ ‘datasets’ ‘expm’ ‘mvtnorm’
All declared Imports should be used.
Flavors: r-devel-linux-x86_64-fedora-clang, r-devel-linux-x86_64-fedora-gcc, r-release-macos-arm64, r-release-macos-x86_64, r-oldrel-macos-arm64, r-oldrel-macos-x86_64