Last updated on 2023-03-21 15:52:11 CET.
Flavor | Version | Tinstall | Tcheck | Ttotal | Status | Flags |
---|---|---|---|---|---|---|
r-devel-linux-x86_64-debian-clang | 0.0.8 | 4.31 | 38.66 | 42.97 | OK | |
r-devel-linux-x86_64-debian-gcc | 0.0.8 | 4.59 | 30.01 | 34.60 | OK | |
r-devel-linux-x86_64-fedora-clang | 0.0.8 | 56.32 | NOTE | |||
r-devel-linux-x86_64-fedora-gcc | 0.0.8 | 52.12 | NOTE | |||
r-devel-windows-x86_64 | 0.0.8 | 19.00 | 66.00 | 85.00 | OK | |
r-patched-linux-x86_64 | 0.0.8 | 9.77 | 39.52 | 49.29 | OK | |
r-release-linux-x86_64 | 0.0.8 | 4.24 | 39.31 | 43.55 | OK | |
r-release-macos-arm64 | 0.0.8 | 22.00 | OK | |||
r-release-macos-x86_64 | 0.0.8 | 31.00 | OK | |||
r-release-windows-x86_64 | 0.0.8 | 19.00 | 72.00 | 91.00 | OK | |
r-oldrel-macos-arm64 | 0.0.8 | 10.00 | ERROR | |||
r-oldrel-macos-x86_64 | 0.0.8 | 11.00 | ERROR | |||
r-oldrel-windows-ix86+x86_64 | 0.0.8 | 4.00 | 19.00 | 23.00 | ERROR |
Version: 0.0.8
Check: data for non-ASCII characters
Result: NOTE
Note: found 1904 marked UTF-8 strings
Flavors: r-devel-linux-x86_64-fedora-clang, r-devel-linux-x86_64-fedora-gcc
Version: 0.0.8
Check: whether package can be installed
Result: ERROR
Installation failed.
Flavors: r-oldrel-macos-arm64, r-oldrel-macos-x86_64, r-oldrel-windows-ix86+x86_64