CRAN Package Check Results for Package bibliometrix

Last updated on 2021-12-05 06:48:35 CET.

Flavor Version Tinstall Tcheck Ttotal Status Flags
r-devel-linux-x86_64-debian-clang 3.1.4 22.37 234.31 256.68 OK
r-devel-linux-x86_64-debian-gcc 3.1.4 17.68 180.04 197.72 OK
r-devel-linux-x86_64-fedora-clang 3.1.4 312.17 NOTE
r-devel-linux-x86_64-fedora-gcc 3.1.4 292.73 OK
r-devel-windows-x86_64-new-UL 3.1.4 47.00 298.00 345.00 OK
r-devel-windows-x86_64-new-TK 3.1.4 OK
r-devel-windows-x86_64-old 3.1.4 30.00 193.00 223.00 OK
r-patched-linux-x86_64 3.1.4 27.59 215.50 243.09 OK
r-release-linux-x86_64 3.1.4 19.71 222.53 242.24 OK
r-release-macos-arm64 3.1.4 OK
r-release-macos-x86_64 3.1.4 OK
r-release-windows-ix86+x86_64 3.1.4 52.00 276.00 328.00 OK
r-oldrel-macos-x86_64 3.1.4 OK
r-oldrel-windows-ix86+x86_64 3.1.4 51.00 269.00 320.00 OK

Check Details

Version: 3.1.4
Check: package dependencies
Result: NOTE
    Imports includes 24 non-default packages.
    Importing from so many packages makes the package vulnerable to any of
    them becoming unavailable. Move as many as possible to Suggests and
    use conditionally.
Flavor: r-devel-linux-x86_64-fedora-clang