CRAN Package Check Results for Package bigGP

Last updated on 2024-02-24 06:50:31 CET.

Flavor Version Tinstall Tcheck Ttotal Status Flags
r-devel-linux-x86_64-debian-clang 0.1.8 17.35 44.21 61.56 OK
r-devel-linux-x86_64-debian-gcc 0.1.8 13.10 35.77 48.87 OK
r-devel-linux-x86_64-fedora-clang 0.1.8 83.57 OK
r-devel-linux-x86_64-fedora-gcc 0.1.8 83.27 OK
r-patched-linux-x86_64 0.1.8 20.57 44.33 64.90 OK
r-release-linux-x86_64 0.1.8 16.07 44.72 60.79 OK
r-release-macos-arm64 0.1.8 10.00 ERROR
r-release-macos-x86_64 0.1.8 7.00 ERROR
r-oldrel-macos-arm64 0.1.8 14.00 ERROR

Check Details

Version: 0.1.8
Check: package dependencies
Result: ERROR Package required but not available: ‘Rmpi’ See section ‘The DESCRIPTION file’ in the ‘Writing R Extensions’ manual. Flavors: r-release-macos-arm64, r-release-macos-x86_64, r-oldrel-macos-arm64