CRAN Package Check Results for Package bigMap

Last updated on 2020-10-26 05:46:36 CET.

Flavor Version Tinstall Tcheck Ttotal Status Flags
r-devel-linux-x86_64-debian-clang 2.3.1 69.18 100.17 169.35 NOTE
r-devel-linux-x86_64-debian-gcc 2.3.1 53.63 70.30 123.93 NOTE
r-devel-linux-x86_64-fedora-clang 2.3.1 232.78 NOTE
r-devel-linux-x86_64-fedora-gcc 2.3.1 210.08 NOTE
r-devel-windows-ix86+x86_64 2.3.1 174.00 175.00 349.00 NOTE
r-patched-linux-x86_64 2.3.1 66.18 96.96 163.14 NOTE
r-patched-solaris-x86 2.3.1 214.30 NOTE
r-release-linux-x86_64 2.3.1 64.77 97.16 161.93 NOTE
r-release-macos-x86_64 2.3.1 NOTE
r-release-windows-ix86+x86_64 2.3.1 130.00 128.00 258.00 NOTE
r-oldrel-macos-x86_64 2.3.1 NOTE
r-oldrel-windows-ix86+x86_64 2.3.1 150.00 168.00 318.00 NOTE

Check Details

Version: 2.3.1
Check: for GNU extensions in Makefiles
Result: NOTE
    GNU make is a SystemRequirements.
Flavors: r-devel-linux-x86_64-debian-clang, r-devel-linux-x86_64-debian-gcc, r-devel-linux-x86_64-fedora-clang, r-devel-linux-x86_64-fedora-gcc, r-devel-windows-ix86+x86_64, r-patched-linux-x86_64, r-patched-solaris-x86, r-release-linux-x86_64, r-release-macos-x86_64, r-release-windows-ix86+x86_64, r-oldrel-macos-x86_64, r-oldrel-windows-ix86+x86_64

Version: 2.3.1
Check: installed package size
Result: NOTE
     installed size is 6.2Mb
     sub-directories of 1Mb or more:
     doc 1.8Mb
     extdata 1.9Mb
     libs 2.3Mb
Flavors: r-devel-linux-x86_64-fedora-clang, r-devel-windows-ix86+x86_64, r-release-macos-x86_64, r-release-windows-ix86+x86_64, r-oldrel-macos-x86_64, r-oldrel-windows-ix86+x86_64