CRAN Package Check Results for Package bigReg

Last updated on 2021-06-21 06:49:01 CEST.

Flavor Version Tinstall Tcheck Ttotal Status Flags
r-devel-linux-x86_64-debian-clang 0.1.2 57.31 41.71 99.02 NOTE
r-devel-linux-x86_64-debian-gcc 0.1.2 38.22 32.20 70.42 NOTE
r-devel-linux-x86_64-fedora-clang 0.1.2 133.96 NOTE
r-devel-linux-x86_64-fedora-gcc 0.1.2 119.67 NOTE
r-devel-windows-x86_64-gcc10-UCRT 0.1.2 OK
r-patched-linux-x86_64 0.1.2 43.42 40.09 83.51 NOTE
r-patched-solaris-x86 0.1.2 127.20 NOTE
r-release-linux-x86_64 0.1.2 46.53 40.26 86.79 NOTE
r-release-macos-arm64 0.1.2 OK
r-release-macos-x86_64 0.1.2 OK
r-oldrel-macos-x86_64 0.1.2 OK

Check Details

Version: 0.1.2
Check: for non-standard things in the check directory
Result: NOTE
    Found the following files/directories:
     'outputs'
Flavors: r-devel-linux-x86_64-debian-clang, r-devel-linux-x86_64-debian-gcc, r-devel-linux-x86_64-fedora-clang, r-devel-linux-x86_64-fedora-gcc, r-patched-linux-x86_64, r-patched-solaris-x86, r-release-linux-x86_64

Version: 0.1.2
Check: compiled code
Result: NOTE
    File ‘bigReg/libs/bigReg.so’:
     Found no calls to: ‘R_registerRoutines’, ‘R_useDynamicSymbols’
    
    It is good practice to register native routines and to disable symbol
    search.
    
    See ‘Writing portable packages’ in the ‘Writing R Extensions’ manual.
Flavors: r-devel-linux-x86_64-fedora-clang, r-devel-linux-x86_64-fedora-gcc