CRAN Package Check Results for Package bigSurvSGD

Last updated on 2024-03-02 06:51:47 CET.

Flavor Version Tinstall Tcheck Ttotal Status Flags
r-devel-linux-x86_64-debian-clang 0.0.1 46.16 36.43 82.59 OK
r-devel-linux-x86_64-debian-gcc 0.0.1 33.50 27.62 61.12 OK
r-devel-linux-x86_64-fedora-clang 0.0.1 110.19 NOTE
r-devel-linux-x86_64-fedora-gcc 0.0.1 109.41 NOTE
r-devel-windows-x86_64 0.0.1 34.00 66.00 100.00 OK
r-patched-linux-x86_64 0.0.1 42.40 35.28 77.68 OK
r-release-linux-x86_64 0.0.1 41.88 35.75 77.63 OK
r-release-macos-arm64 0.0.1 35.00 OK
r-release-macos-x86_64 0.0.1 50.00 OK
r-release-windows-x86_64 0.0.1 45.00 76.00 121.00 OK
r-oldrel-macos-arm64 0.0.1 33.00 NOTE
r-oldrel-windows-x86_64 0.0.1 39.00 72.00 111.00 OK

Check Details

Version: 0.0.1
Check: dependencies in R code
Result: NOTE Namespace in Imports field not imported from: ‘survival’ All declared Imports should be used. Flavors: r-devel-linux-x86_64-fedora-clang, r-devel-linux-x86_64-fedora-gcc, r-oldrel-macos-arm64