Last updated on 2023-01-28 07:14:49 CET.
Flavor | Version | Tinstall | Tcheck | Ttotal | Status | Flags |
---|---|---|---|---|---|---|
r-devel-linux-x86_64-debian-clang | 0.0.1 | 32.35 | 35.80 | 68.15 | OK | |
r-devel-linux-x86_64-debian-gcc | 0.0.1 | 32.30 | 27.82 | 60.12 | OK | |
r-devel-linux-x86_64-fedora-clang | 0.0.1 | 113.82 | NOTE | |||
r-devel-linux-x86_64-fedora-gcc | 0.0.1 | 94.38 | NOTE | |||
r-devel-windows-x86_64 | 0.0.1 | 43.00 | 83.00 | 126.00 | OK | |
r-patched-linux-x86_64 | 0.0.1 | 33.95 | 35.92 | 69.87 | OK | |
r-release-linux-x86_64 | 0.0.1 | 35.11 | 35.90 | 71.01 | OK | |
r-release-macos-arm64 | 0.0.1 | 33.00 | NOTE | |||
r-release-macos-x86_64 | 0.0.1 | 41.00 | NOTE | |||
r-release-windows-x86_64 | 0.0.1 | 42.00 | 87.00 | 129.00 | OK | |
r-oldrel-macos-arm64 | 0.0.1 | 42.00 | NOTE | |||
r-oldrel-macos-x86_64 | 0.0.1 | 57.00 | NOTE | |||
r-oldrel-windows-ix86+x86_64 | 0.0.1 | 97.00 | 93.00 | 190.00 | OK |
Version: 0.0.1
Check: dependencies in R code
Result: NOTE
Namespace in Imports field not imported from: ‘survival’
All declared Imports should be used.
Flavors: r-devel-linux-x86_64-fedora-clang, r-devel-linux-x86_64-fedora-gcc, r-release-macos-arm64, r-release-macos-x86_64, r-oldrel-macos-arm64, r-oldrel-macos-x86_64