CRAN Package Check Results for Package bigchess

Last updated on 2022-06-26 06:50:31 CEST.

Flavor Version Tinstall Tcheck Ttotal Status Flags
r-devel-linux-x86_64-debian-clang 1.9.1 4.83 51.06 55.89 NOTE
r-devel-linux-x86_64-debian-gcc 1.9.1 2.96 37.96 40.92 NOTE
r-devel-linux-x86_64-fedora-clang 1.9.1 78.94 NOTE
r-devel-linux-x86_64-fedora-gcc 1.9.1 77.74 NOTE
r-devel-windows-x86_64 1.9.1 35.00 76.00 111.00 OK
r-patched-linux-x86_64 1.9.1 4.73 47.32 52.05 NOTE
r-release-linux-x86_64 1.9.1 4.48 47.47 51.95 NOTE
r-release-macos-arm64 1.9.1 24.00 OK
r-release-macos-x86_64 1.9.1 34.00 NOTE
r-release-windows-x86_64 1.9.1 41.00 87.00 128.00 OK
r-oldrel-macos-arm64 1.9.1 29.00 OK
r-oldrel-macos-x86_64 1.9.1 47.00 OK
r-oldrel-windows-ix86+x86_64 1.9.1 9.00 78.00 87.00 OK

Additional issues

donttest

Check Details

Version: 1.9.1
Check: package dependencies
Result: NOTE
    Package suggested but not available for checking: 'ffbase'
Flavors: r-devel-linux-x86_64-debian-clang, r-devel-linux-x86_64-debian-gcc, r-devel-linux-x86_64-fedora-clang, r-devel-linux-x86_64-fedora-gcc, r-patched-linux-x86_64, r-release-linux-x86_64, r-release-macos-x86_64