CRAN Package Check Results for Package biglasso

Last updated on 2021-06-24 05:51:16 CEST.

Flavor Version Tinstall Tcheck Ttotal Status Flags
r-devel-linux-x86_64-debian-clang 1.4.1 95.54 105.27 200.81 OK
r-devel-linux-x86_64-debian-gcc 1.4.1 66.34 80.76 147.10 OK
r-devel-linux-x86_64-fedora-clang 1.4.1 269.60 OK
r-devel-linux-x86_64-fedora-gcc 1.4.1 249.87 OK
r-devel-windows-x86_64 1.4.1 124.00 169.00 293.00 OK
r-devel-windows-x86_64-gcc10-UCRT 1.4.1 OK
r-patched-linux-x86_64 1.4.1 77.95 101.81 179.76 OK
r-patched-solaris-x86 1.4.1 332.40 OK
r-release-linux-x86_64 1.4.1 76.88 102.18 179.06 OK
r-release-macos-arm64 1.4.1 NOTE
r-release-macos-x86_64 1.4.1 OK
r-release-windows-ix86+x86_64 1.4.1 237.00 163.00 400.00 OK
r-oldrel-macos-x86_64 1.4.1 OK

Additional issues

rchk

Check Details

Version: 1.4.1
Check: installed package size
Result: NOTE
     installed size is 5.4Mb
     sub-directories of 1Mb or more:
     libs 4.6Mb
Flavor: r-release-macos-arm64