CRAN Package Check Results for Package biglasso

Last updated on 2021-02-25 06:46:56 CET.

Flavor Version Tinstall Tcheck Ttotal Status Flags
r-devel-linux-x86_64-debian-clang 1.4.1 99.98 106.44 206.42 OK
r-devel-linux-x86_64-debian-gcc 1.4.1 67.81 81.62 149.43 OK
r-devel-linux-x86_64-fedora-clang 1.4.1 274.54 NOTE
r-devel-linux-x86_64-fedora-gcc 1.4.1 250.22 OK
r-devel-windows-ix86+x86_64 1.4.1 168.00 158.00 326.00 OK
r-patched-linux-x86_64 1.4.1 78.53 98.50 177.03 OK
r-patched-solaris-x86 1.4.1 350.10 OK
r-release-linux-x86_64 1.4.1 79.02 100.70 179.72 OK
r-release-macos-x86_64 1.4.1 OK
r-release-windows-ix86+x86_64 1.4.1 221.00 209.00 430.00 OK
r-oldrel-macos-x86_64 1.4.1 OK
r-oldrel-windows-ix86+x86_64 1.4.1 159.00 201.00 360.00 OK

Check Details

Version: 1.4.1
Check: installed package size
Result: NOTE
     installed size is 5.4Mb
     sub-directories of 1Mb or more:
     libs 4.5Mb
Flavor: r-devel-linux-x86_64-fedora-clang