CRAN Package Check Results for Package bigsparser

Last updated on 2022-06-29 06:53:21 CEST.

Flavor Version Tinstall Tcheck Ttotal Status Flags
r-devel-linux-x86_64-debian-clang 0.6.1 70.67 79.21 149.88 OK
r-devel-linux-x86_64-debian-gcc 0.6.1 55.69 62.31 118.00 OK
r-devel-linux-x86_64-fedora-clang 0.6.1 218.65 NOTE
r-devel-linux-x86_64-fedora-gcc 0.6.1 199.00 NOTE
r-devel-windows-x86_64 0.6.1 94.00 119.00 213.00 OK
r-patched-linux-x86_64 0.6.1 55.36 76.73 132.09 OK
r-release-linux-x86_64 0.6.1 62.13 77.87 140.00 OK
r-release-macos-arm64 0.6.1 53.00 NOTE
r-release-macos-x86_64 0.6.1 71.00 NOTE
r-release-windows-x86_64 0.6.1 82.00 123.00 205.00 OK
r-oldrel-macos-arm64 0.6.1 52.00 NOTE
r-oldrel-macos-x86_64 0.6.1 69.00 NOTE
r-oldrel-windows-ix86+x86_64 0.6.1 205.00 150.00 355.00 OK

Check Details

Version: 0.6.1
Check: dependencies in R code
Result: NOTE
    Namespace in Imports field not imported from: ‘rmio’
     All declared Imports should be used.
Flavors: r-devel-linux-x86_64-fedora-clang, r-devel-linux-x86_64-fedora-gcc, r-release-macos-arm64, r-release-macos-x86_64, r-oldrel-macos-arm64, r-oldrel-macos-x86_64