Last updated on 2021-01-23 06:48:10 CET.
Flavor | Version | Tinstall | Tcheck | Ttotal | Status | Flags |
---|---|---|---|---|---|---|
r-devel-linux-x86_64-debian-clang | 0.9-19 | 2.31 | 27.08 | 29.39 | NOTE | |
r-devel-linux-x86_64-debian-gcc | 0.9-19 | 1.54 | 21.76 | 23.30 | NOTE | |
r-devel-linux-x86_64-fedora-clang | 0.9-19 | 46.43 | NOTE | |||
r-devel-linux-x86_64-fedora-gcc | 0.9-19 | 35.19 | NOTE | |||
r-devel-windows-ix86+x86_64 | 0.9-19 | 5.00 | 41.00 | 46.00 | NOTE | |
r-patched-linux-x86_64 | 0.9-19 | 2.40 | 26.75 | 29.15 | NOTE | |
r-patched-solaris-x86 | 0.9-19 | 50.60 | NOTE | |||
r-release-linux-x86_64 | 0.9-19 | 2.32 | 26.56 | 28.88 | NOTE | |
r-release-macos-x86_64 | 0.9-19 | NOTE | ||||
r-release-windows-ix86+x86_64 | 0.9-19 | 6.00 | 40.00 | 46.00 | NOTE | |
r-oldrel-macos-x86_64 | 0.9-19 | NOTE | ||||
r-oldrel-windows-ix86+x86_64 | 0.9-19 | 3.00 | 31.00 | 34.00 | NOTE |
Version: 0.9-19
Check: R code for possible problems
Result: NOTE
commonprob2sigma: no visible global function definition for 'approxfun'
rmvbin: no visible global function definition for 'qnorm'
simul.commonprob: no visible global function definition for 'qnorm'
Undefined global functions or variables:
approxfun qnorm
Consider adding
importFrom("stats", "approxfun", "qnorm")
to your NAMESPACE file.
Flavors: r-devel-linux-x86_64-debian-clang, r-devel-linux-x86_64-debian-gcc, r-devel-linux-x86_64-fedora-clang, r-devel-linux-x86_64-fedora-gcc, r-devel-windows-ix86+x86_64, r-patched-linux-x86_64, r-patched-solaris-x86, r-release-linux-x86_64, r-release-macos-x86_64, r-release-windows-ix86+x86_64, r-oldrel-macos-x86_64, r-oldrel-windows-ix86+x86_64