Last updated on 2023-01-27 07:50:28 CET.
Flavor | Version | Tinstall | Tcheck | Ttotal | Status | Flags |
---|---|---|---|---|---|---|
r-devel-linux-x86_64-debian-clang | 0.2.8 | 120.21 | 64.54 | 184.75 | OK | |
r-devel-linux-x86_64-debian-gcc | 0.2.8 | 92.85 | 49.32 | 142.17 | NOTE | |
r-devel-linux-x86_64-fedora-clang | 0.2.8 | 279.39 | OK | |||
r-devel-linux-x86_64-fedora-gcc | 0.2.8 | 240.09 | NOTE | |||
r-devel-windows-x86_64 | 0.2.8 | 109.00 | 126.00 | 235.00 | OK | |
r-patched-linux-x86_64 | 0.2.8 | 92.84 | 63.96 | 156.80 | OK | |
r-release-linux-x86_64 | 0.2.8 | 99.08 | 64.98 | 164.06 | OK | |
r-release-macos-arm64 | 0.2.8 | 67.00 | NOTE | |||
r-release-macos-x86_64 | 0.2.8 | 84.00 | NOTE | |||
r-release-windows-x86_64 | 0.2.8 | 96.00 | 124.00 | 220.00 | OK | |
r-oldrel-macos-arm64 | 0.2.8 | 58.00 | NOTE | |||
r-oldrel-macos-x86_64 | 0.2.8 | 83.00 | NOTE | |||
r-oldrel-windows-ix86+x86_64 | 0.2.8 | 268.00 | 134.00 | 402.00 | NOTE |
Version: 0.2.8
Check: C++ specification
Result: NOTE
Specified C++11: please update to current default of C++17
Flavors: r-devel-linux-x86_64-debian-gcc, r-devel-linux-x86_64-fedora-gcc
Version: 0.2.8
Check: installed package size
Result: NOTE
installed size is 6.0Mb
sub-directories of 1Mb or more:
libs 4.5Mb
Flavors: r-release-macos-arm64, r-release-macos-x86_64, r-oldrel-macos-arm64, r-oldrel-macos-x86_64, r-oldrel-windows-ix86+x86_64