CRAN Package Check Results for Package bioacoustics

Last updated on 2024-02-29 06:54:02 CET.

Flavor Version Tinstall Tcheck Ttotal Status Flags
r-devel-linux-x86_64-debian-clang 0.2.8 121.43 68.33 189.76 NOTE
r-devel-linux-x86_64-debian-gcc 0.2.8 89.71 50.93 140.64 NOTE
r-devel-linux-x86_64-fedora-clang 0.2.8 275.38 NOTE
r-devel-linux-x86_64-fedora-gcc 0.2.8 274.10 NOTE
r-devel-windows-x86_64 0.2.8 91.00 95.00 186.00 NOTE
r-patched-linux-x86_64 0.2.8 117.47 64.51 181.98 NOTE
r-release-linux-x86_64 0.2.8 109.56 63.22 172.78 NOTE
r-release-macos-arm64 0.2.8 79.00 NOTE
r-release-macos-x86_64 0.2.8 303.00 NOTE
r-release-windows-x86_64 0.2.8 119.00 112.00 231.00 NOTE
r-oldrel-macos-arm64 0.2.8 67.00 NOTE
r-oldrel-windows-x86_64 0.2.8 103.00 105.00 208.00 OK

Check Details

Version: 0.2.8
Check: C++ specification
Result: NOTE Specified C++11: please drop specification unless essential Flavors: r-devel-linux-x86_64-debian-clang, r-devel-linux-x86_64-debian-gcc, r-devel-linux-x86_64-fedora-clang, r-devel-linux-x86_64-fedora-gcc, r-devel-windows-x86_64, r-patched-linux-x86_64, r-release-linux-x86_64, r-release-macos-arm64, r-release-macos-x86_64, r-release-windows-x86_64

Version: 0.2.8
Check: installed package size
Result: NOTE installed size is 6.0Mb sub-directories of 1Mb or more: libs 4.6Mb Flavors: r-release-macos-arm64, r-release-macos-x86_64, r-oldrel-macos-arm64