Last updated on 2021-01-28 06:49:49 CET.
Flavor | Version | Tinstall | Tcheck | Ttotal | Status | Flags |
---|---|---|---|---|---|---|
r-devel-linux-x86_64-debian-clang | 0.9.2 | 28.47 | 225.10 | 253.57 | OK | |
r-devel-linux-x86_64-debian-gcc | 0.9.2 | 24.07 | 168.64 | 192.71 | OK | |
r-devel-linux-x86_64-fedora-clang | 0.9.2 | 319.22 | NOTE | |||
r-devel-linux-x86_64-fedora-gcc | 0.9.2 | 306.68 | NOTE | |||
r-devel-windows-ix86+x86_64 | 0.9.2 | 59.00 | 393.00 | 452.00 | OK | |
r-patched-linux-x86_64 | 0.9.2 | 24.36 | 205.03 | 229.39 | OK | |
r-patched-solaris-x86 | 0.9.2 | 391.80 | NOTE | |||
r-release-linux-x86_64 | 0.9.2 | 25.20 | 202.86 | 228.06 | OK | |
r-release-macos-x86_64 | 0.9.2 | NOTE | ||||
r-release-windows-ix86+x86_64 | 0.9.2 | 55.00 | 193.00 | 248.00 | OK | |
r-oldrel-macos-x86_64 | 0.9.2 | NOTE | ||||
r-oldrel-windows-ix86+x86_64 | 0.9.2 | 36.00 | 245.00 | 281.00 | OK |
Version: 0.9.2
Check: dependencies in R code
Result: NOTE
Namespace in Imports field not imported from: ‘fs’
All declared Imports should be used.
Flavors: r-devel-linux-x86_64-fedora-clang, r-devel-linux-x86_64-fedora-gcc, r-patched-solaris-x86, r-release-macos-x86_64, r-oldrel-macos-x86_64