Last updated on 2023-03-26 06:53:19 CEST.
Flavor | Version | Tinstall | Tcheck | Ttotal | Status | Flags |
---|---|---|---|---|---|---|
r-devel-linux-x86_64-debian-clang | 1.1.2 | 19.35 | 229.98 | 249.33 | NOTE | |
r-devel-linux-x86_64-debian-gcc | 1.1.2 | 15.98 | 170.33 | 186.31 | NOTE | |
r-devel-linux-x86_64-fedora-gcc | 1.1.2 | 294.54 | NOTE | |||
r-devel-windows-x86_64 | 1.1.2 | 180.00 | 226.00 | 406.00 | NOTE | |
r-patched-linux-x86_64 | 1.1.2 | 18.31 | 214.05 | 232.36 | NOTE | |
r-release-linux-x86_64 | 1.1.2 | 19.41 | 215.01 | 234.42 | NOTE | |
r-release-macos-arm64 | 1.1.2 | 71.00 | NOTE | |||
r-release-macos-x86_64 | 1.1.2 | 92.00 | NOTE | |||
r-release-windows-x86_64 | 1.1.2 | 180.00 | 220.00 | 400.00 | NOTE | |
r-oldrel-macos-arm64 | 1.1.2 | 67.00 | NOTE | |||
r-oldrel-macos-x86_64 | 1.1.2 | 90.00 | NOTE | |||
r-oldrel-windows-ix86+x86_64 | 1.1.2 | 40.00 | 227.00 | 267.00 | NOTE |
Version: 1.1.2
Check: package dependencies
Result: NOTE
Package which this enhances but not available for checking: ‘asreml’
Flavors: r-devel-linux-x86_64-debian-clang, r-devel-linux-x86_64-debian-gcc, r-devel-linux-x86_64-fedora-gcc, r-devel-windows-x86_64, r-patched-linux-x86_64, r-release-linux-x86_64, r-release-macos-arm64, r-release-macos-x86_64, r-release-windows-x86_64, r-oldrel-macos-arm64, r-oldrel-macos-x86_64, r-oldrel-windows-ix86+x86_64
Version: 1.1.2
Check: R code for possible problems
Result: NOTE
Initiating curl with CURL_SSL_BACKEND: openssl
Flavor: r-oldrel-windows-ix86+x86_64