CRAN Package Check Results for Package bioset

Last updated on 2021-11-29 06:48:23 CET.

Flavor Version Tinstall Tcheck Ttotal Status Flags
r-devel-linux-x86_64-debian-clang 0.2.3 NOTE
r-devel-linux-x86_64-debian-gcc 0.2.3 2.10 29.79 31.89 NOTE
r-devel-linux-x86_64-fedora-clang 0.2.3 61.70 NOTE
r-devel-linux-x86_64-fedora-gcc 0.2.3 48.93 NOTE
r-devel-windows-x86_64-new-UL 0.2.3 10.00 83.00 93.00 NOTE
r-devel-windows-x86_64-new-TK 0.2.3 NOTE
r-devel-windows-x86_64-old 0.2.3 4.00 65.00 69.00 NOTE
r-patched-linux-x86_64 0.2.3 2.42 36.62 39.04 NOTE
r-patched-solaris-x86 0.2.3 68.40 NOTE
r-release-linux-x86_64 0.2.3 2.82 36.60 39.42 NOTE
r-release-macos-arm64 0.2.3 NOTE
r-release-macos-x86_64 0.2.3 NOTE
r-release-windows-ix86+x86_64 0.2.3 7.00 60.00 67.00 NOTE
r-oldrel-macos-x86_64 0.2.3 OK
r-oldrel-windows-ix86+x86_64 0.2.3 11.00 61.00 72.00 OK

Check Details

Version: 0.2.3
Check: LazyData
Result: NOTE
     'LazyData' is specified without a 'data' directory
Flavors: r-devel-linux-x86_64-debian-clang, r-devel-linux-x86_64-debian-gcc, r-devel-linux-x86_64-fedora-clang, r-devel-linux-x86_64-fedora-gcc, r-devel-windows-x86_64-new-UL, r-devel-windows-x86_64-new-TK, r-devel-windows-x86_64-old, r-patched-linux-x86_64, r-patched-solaris-x86, r-release-linux-x86_64, r-release-macos-arm64, r-release-macos-x86_64, r-release-windows-ix86+x86_64