CRAN Package Check Results for Package biostat3

Last updated on 2024-02-29 06:54:02 CET.

Flavor Version Tinstall Tcheck Ttotal Status Flags
r-devel-linux-x86_64-debian-clang 0.1.9 10.77 73.93 84.70 OK
r-devel-linux-x86_64-debian-gcc 0.1.9 7.72 58.03 65.75 OK
r-devel-linux-x86_64-fedora-clang 0.1.9 101.47 NOTE
r-devel-linux-x86_64-fedora-gcc 0.1.9 98.78 OK
r-devel-windows-x86_64 0.1.9 9.00 76.00 85.00 NOTE
r-patched-linux-x86_64 0.1.9 12.09 74.51 86.60 OK
r-release-linux-x86_64 0.1.9 8.79 73.89 82.68 OK
r-release-macos-arm64 0.1.9 40.00 NOTE
r-release-macos-x86_64 0.1.9 88.00 NOTE
r-release-windows-x86_64 0.1.9 10.00 89.00 99.00 NOTE
r-oldrel-macos-arm64 0.1.9 41.00 NOTE
r-oldrel-windows-x86_64 0.1.9 13.00 95.00 108.00 NOTE

Check Details

Version: 0.1.9
Check: installed package size
Result: NOTE installed size is 6.1Mb sub-directories of 1Mb or more: doc 5.5Mb Flavors: r-devel-linux-x86_64-fedora-clang, r-devel-windows-x86_64, r-release-macos-arm64, r-release-macos-x86_64, r-release-windows-x86_64, r-oldrel-macos-arm64, r-oldrel-windows-x86_64