Last updated on 2022-07-01 06:51:23 CEST.
Flavor | Version | Tinstall | Tcheck | Ttotal | Status | Flags |
---|---|---|---|---|---|---|
r-devel-linux-x86_64-debian-clang | 4.2 | 3.98 | 61.30 | 65.28 | NOTE | |
r-devel-linux-x86_64-debian-gcc | 4.2 | 3.54 | 46.63 | 50.17 | NOTE | |
r-devel-linux-x86_64-fedora-clang | 4.2 | 88.19 | NOTE | |||
r-devel-linux-x86_64-fedora-gcc | 4.2 | 87.12 | NOTE | |||
r-devel-windows-x86_64 | 4.2 | 41.00 | 91.00 | 132.00 | NOTE | |
r-patched-linux-x86_64 | 4.2 | 5.26 | 59.19 | 64.45 | OK | |
r-release-linux-x86_64 | 4.2 | 4.21 | 59.96 | 64.17 | OK | |
r-release-macos-arm64 | 4.2 | 49.00 | OK | |||
r-release-macos-x86_64 | 4.2 | 48.00 | OK | |||
r-release-windows-x86_64 | 4.2 | 41.00 | 92.00 | 133.00 | OK | |
r-oldrel-macos-arm64 | 4.2 | 30.00 | NOTE | |||
r-oldrel-macos-x86_64 | 4.2 | 56.00 | NOTE | |||
r-oldrel-windows-ix86+x86_64 | 4.2 | 9.00 | 86.00 | 95.00 | OK |
Version: 4.2
Check: Rd files
Result: NOTE
checkRd: (-1) tocher.Rd:13: Escaped LaTeX specials: \&
Flavors: r-devel-linux-x86_64-debian-clang, r-devel-linux-x86_64-debian-gcc, r-devel-linux-x86_64-fedora-clang, r-devel-linux-x86_64-fedora-gcc, r-devel-windows-x86_64
Version: 4.2
Check: package dependencies
Result: NOTE
Package suggested but not available for checking: ‘rpanel’
Flavors: r-oldrel-macos-arm64, r-oldrel-macos-x86_64