CRAN Package Check Results for Package biva

Last updated on 2020-08-05 06:47:15 CEST.

Flavor Version Tinstall Tcheck Ttotal Status Flags
r-devel-linux-x86_64-debian-clang 0.1.0 2.07 18.06 20.13 OK
r-devel-linux-x86_64-debian-gcc 0.1.0 1.46 14.39 15.85 OK
r-devel-linux-x86_64-fedora-clang 0.1.0 33.00 NOTE
r-devel-linux-x86_64-fedora-gcc 0.1.0 23.43 NOTE
r-devel-windows-ix86+x86_64 0.1.0 13.00 31.00 44.00 OK
r-patched-linux-x86_64 0.1.0 1.66 17.83 19.49 OK
r-patched-solaris-x86 0.1.0 39.10 NOTE
r-release-linux-x86_64 0.1.0 1.75 17.87 19.62 OK
r-release-macos-x86_64 0.1.0 NOTE
r-release-windows-ix86+x86_64 0.1.0 9.00 34.00 43.00 OK
r-oldrel-macos-x86_64 0.1.0 NOTE
r-oldrel-windows-ix86+x86_64 0.1.0 4.00 28.00 32.00 OK

Check Details

Version: 0.1.0
Check: dependencies in R code
Result: NOTE
    Namespaces in Imports field not imported from:
     ‘corrgram’ ‘rpivotTable’ ‘shinyAce’
     All declared Imports should be used.
Flavors: r-devel-linux-x86_64-fedora-clang, r-devel-linux-x86_64-fedora-gcc, r-patched-solaris-x86, r-release-macos-x86_64, r-oldrel-macos-x86_64