Last updated on 2023-04-02 06:50:03 CEST.
Flavor | Version | Tinstall | Tcheck | Ttotal | Status | Flags |
---|---|---|---|---|---|---|
r-devel-linux-x86_64-debian-clang | 0.5.1 | 18.59 | 63.66 | 82.25 | OK | |
r-devel-linux-x86_64-debian-gcc | 0.5.1 | 12.88 | 47.42 | 60.30 | OK | |
r-devel-linux-x86_64-fedora-clang | 0.5.1 | 103.76 | NOTE | |||
r-devel-linux-x86_64-fedora-gcc | 0.5.1 | 118.49 | NOTE | |||
r-devel-windows-x86_64 | 0.5.1 | 26.00 | 97.00 | 123.00 | OK | |
r-patched-linux-x86_64 | 0.5.1 | 14.03 | 58.93 | 72.96 | OK | |
r-release-linux-x86_64 | 0.5.1 | 12.96 | 60.70 | 73.66 | OK | |
r-release-macos-arm64 | 0.5.1 | 48.00 | NOTE | |||
r-release-macos-x86_64 | 0.5.1 | 81.00 | NOTE | |||
r-release-windows-x86_64 | 0.5.1 | 43.00 | 96.00 | 139.00 | OK | |
r-oldrel-macos-arm64 | 0.5.1 | 54.00 | NOTE | |||
r-oldrel-macos-x86_64 | 0.5.1 | 83.00 | NOTE | |||
r-oldrel-windows-ix86+x86_64 | 0.5.1 | 30.00 | 89.00 | 119.00 | ERROR |
Version: 0.5.1
Check: dependencies in R code
Result: NOTE
Namespaces in Imports field not imported from:
‘R6’ ‘knitr’
All declared Imports should be used.
Flavors: r-devel-linux-x86_64-fedora-clang, r-devel-linux-x86_64-fedora-gcc, r-release-macos-arm64, r-release-macos-x86_64, r-oldrel-macos-arm64, r-oldrel-macos-x86_64
Version: 0.5.1
Check: examples
Result: ERROR
Running examples in 'blandr-Ex.R' failed
The error most likely occurred in:
> ### Name: blandr.dataset.fibre
> ### Title: Function to load D'arbela mean velocity of circumferential fibre
> ### shortening dataset from internet
> ### Aliases: blandr.dataset.fibre
>
> ### ** Examples
>
> blandr.dataset.fibre()
Warning in file(con, "r") :
InternetOpenUrl failed: 'Die Serververbindung konnte nicht hergestellt werden.'
Error in file(con, "r") : cannot open the connection
Calls: blandr.dataset.fibre -> readLines -> file
Execution halted
Flavor: r-oldrel-windows-ix86+x86_64