Last updated on 2025-01-24 06:50:35 CET.
Flavor | Version | Tinstall | Tcheck | Ttotal | Status | Flags |
---|---|---|---|---|---|---|
r-devel-linux-x86_64-debian-clang | 1.1.1 | 36.44 | 47.36 | 83.80 | OK | |
r-devel-linux-x86_64-debian-gcc | 1.1.1 | 26.75 | 34.95 | 61.70 | OK | |
r-devel-linux-x86_64-fedora-clang | 1.1.1 | 145.55 | OK | |||
r-devel-linux-x86_64-fedora-gcc | 1.1.1 | 166.46 | OK | |||
r-devel-windows-x86_64 | 1.1.1 | 37.00 | 91.00 | 128.00 | OK | |
r-patched-linux-x86_64 | 1.1.1 | 36.52 | 44.84 | 81.36 | OK | |
r-release-linux-x86_64 | 1.1.1 | 37.20 | 45.79 | 82.99 | OK | |
r-release-macos-arm64 | 1.1.1 | 50.00 | NOTE | |||
r-release-macos-x86_64 | 1.1.1 | 134.00 | NOTE | |||
r-release-windows-x86_64 | 1.1.1 | 37.00 | 88.00 | 125.00 | OK | |
r-oldrel-macos-arm64 | 1.1.1 | 62.00 | NOTE | |||
r-oldrel-macos-x86_64 | 1.1.1 | 99.00 | NOTE | |||
r-oldrel-windows-x86_64 | 1.1.1 | 44.00 | 104.00 | 148.00 | NOTE |
Version: 1.1.1
Check: installed package size
Result: NOTE
installed size is 7.7Mb
sub-directories of 1Mb or more:
data 2.8Mb
libs 3.9Mb
Flavors: r-release-macos-arm64, r-release-macos-x86_64, r-oldrel-macos-arm64, r-oldrel-macos-x86_64, r-oldrel-windows-x86_64