Last updated on 2022-06-26 06:50:31 CEST.
Flavor | Version | Tinstall | Tcheck | Ttotal | Status | Flags |
---|---|---|---|---|---|---|
r-devel-linux-x86_64-debian-clang | 0.2.4 | 102.62 | 111.90 | 214.52 | WARN | |
r-devel-linux-x86_64-debian-gcc | 0.2.4 | 81.30 | 86.70 | 168.00 | OK | |
r-devel-linux-x86_64-fedora-clang | 0.2.4 | 308.61 | WARN | |||
r-devel-linux-x86_64-fedora-gcc | 0.2.4 | 287.82 | OK | |||
r-devel-windows-x86_64 | 0.2.4 | 108.00 | 156.00 | 264.00 | OK | |
r-patched-linux-x86_64 | 0.2.4 | 87.55 | 107.04 | 194.59 | OK | |
r-release-linux-x86_64 | 0.2.4 | 89.74 | 107.56 | 197.30 | OK | |
r-release-macos-arm64 | 0.2.4 | 68.00 | NOTE | |||
r-release-macos-x86_64 | 0.2.4 | 94.00 | NOTE | |||
r-release-windows-x86_64 | 0.2.4 | 131.00 | 151.00 | 282.00 | OK | |
r-oldrel-macos-arm64 | 0.2.4 | 81.00 | NOTE | |||
r-oldrel-macos-x86_64 | 0.2.4 | 130.00 | NOTE | |||
r-oldrel-windows-ix86+x86_64 | 0.2.4 | 247.00 | 288.00 | 535.00 | OK |
Version: 0.2.4
Check: whether package can be installed
Result: WARN
Found the following significant warnings:
Forest.cpp:350:9: warning: use of bitwise '&' with boolean operands [-Wbitwise-instead-of-logical]
Flavors: r-devel-linux-x86_64-debian-clang, r-devel-linux-x86_64-fedora-clang
Version: 0.2.4
Check: installed package size
Result: NOTE
installed size is 6.7Mb
sub-directories of 1Mb or more:
libs 6.4Mb
Flavors: r-release-macos-arm64, r-release-macos-x86_64, r-oldrel-macos-arm64, r-oldrel-macos-x86_64