CRAN Package Check Results for Package blockRAR

Last updated on 2020-09-22 06:47:18 CEST.

Flavor Version Tinstall Tcheck Ttotal Status Flags
r-devel-linux-x86_64-debian-clang 1.0.2 12.88 153.09 165.97 OK
r-devel-linux-x86_64-debian-gcc 1.0.2 0.28 2.12 2.40 ERROR
r-devel-linux-x86_64-fedora-clang 1.0.2 210.75 OK
r-devel-linux-x86_64-fedora-gcc 1.0.2 200.26 OK
r-devel-windows-ix86+x86_64 1.0.2 30.00 180.00 210.00 OK
r-patched-linux-x86_64 1.0.2 11.50 146.99 158.49 OK
r-patched-solaris-x86 1.0.2 329.10 OK
r-release-linux-x86_64 1.0.2 11.01 148.84 159.85 OK
r-release-macos-x86_64 1.0.2 OK
r-release-windows-ix86+x86_64 1.0.2 29.00 216.00 245.00 OK
r-oldrel-macos-x86_64 1.0.2 OK
r-oldrel-windows-ix86+x86_64 1.0.2 16.00 202.00 218.00 OK

Check Details

Version: 1.0.2
Check: whether package can be installed
Result: ERROR
    Installation failed.
Flavor: r-devel-linux-x86_64-debian-gcc