Last updated on 2021-01-16 06:51:02 CET.
Flavor | Version | Tinstall | Tcheck | Ttotal | Status | Flags |
---|---|---|---|---|---|---|
r-devel-linux-x86_64-debian-clang | 0.6-3 | 7.45 | 52.62 | 60.07 | NOTE | |
r-devel-linux-x86_64-debian-gcc | 0.6-3 | 5.25 | 40.44 | 45.69 | NOTE | |
r-devel-linux-x86_64-fedora-clang | 0.6-3 | 80.76 | NOTE | |||
r-devel-linux-x86_64-fedora-gcc | 0.6-3 | 71.66 | NOTE | |||
r-devel-windows-ix86+x86_64 | 0.6-3 | 15.00 | 82.00 | 97.00 | OK | |
r-patched-linux-x86_64 | 0.6-3 | 6.73 | 49.04 | 55.77 | NOTE | |
r-patched-solaris-x86 | 0.6-3 | 93.00 | NOTE | |||
r-release-linux-x86_64 | 0.6-3 | 6.25 | 49.42 | 55.67 | NOTE | |
r-release-macos-x86_64 | 0.6-3 | OK | ||||
r-release-windows-ix86+x86_64 | 0.6-3 | 15.00 | 74.00 | 89.00 | OK | |
r-oldrel-macos-x86_64 | 0.6-3 | OK | ||||
r-oldrel-windows-ix86+x86_64 | 0.6-3 | 14.00 | 66.00 | 80.00 | OK |
Version: 0.6-3
Check: for non-standard things in the check directory
Result: NOTE
Found the following files/directories:
'Groupa.csv' 'Groupa.tex' 'Groupb.csv' 'Groupb.tex' 'Groupc.csv'
'Groupc.tex' 'file1.csv' 'file1.tex' 'file2.csv' 'file2.tex'
'file3.csv' 'file3.tex'
Flavors: r-devel-linux-x86_64-debian-clang, r-devel-linux-x86_64-debian-gcc, r-devel-linux-x86_64-fedora-clang, r-devel-linux-x86_64-fedora-gcc, r-patched-linux-x86_64, r-patched-solaris-x86, r-release-linux-x86_64
Version: 0.6-3
Check: compiled code
Result: NOTE
File ‘blockTools/libs/blockTools.so’:
Found no calls to: ‘R_registerRoutines’, ‘R_useDynamicSymbols’
It is good practice to register native routines and to disable symbol
search.
See ‘Writing portable packages’ in the ‘Writing R Extensions’ manual.
Flavors: r-devel-linux-x86_64-fedora-clang, r-devel-linux-x86_64-fedora-gcc