CRAN Package Check Results for Package bluebike

Last updated on 2022-09-27 07:50:38 CEST.

Flavor Version Tinstall Tcheck Ttotal Status Flags
r-devel-linux-x86_64-debian-clang 0.0.3 9.26 96.51 105.77 OK
r-devel-linux-x86_64-debian-gcc 0.0.3 6.85 71.60 78.45 OK
r-devel-linux-x86_64-fedora-clang 0.0.3 137.07 NOTE
r-devel-linux-x86_64-fedora-gcc 0.0.3 136.81 NOTE
r-devel-windows-x86_64 0.0.3 20.00 133.00 153.00 OK
r-patched-linux-x86_64 0.0.3 8.39 91.78 100.17 OK
r-release-linux-x86_64 0.0.3 9.00 91.46 100.46 OK
r-release-macos-arm64 0.0.3 51.00 NOTE
r-release-macos-x86_64 0.0.3 67.00 NOTE
r-release-windows-x86_64 0.0.3 20.00 133.00 153.00 OK
r-oldrel-macos-arm64 0.0.3 55.00 NOTE
r-oldrel-macos-x86_64 0.0.3 74.00 NOTE
r-oldrel-windows-ix86+x86_64 0.0.3 21.00 124.00 145.00 OK

Check Details

Version: 0.0.3
Check: data for non-ASCII characters
Result: NOTE
     Note: found 7 marked UTF-8 strings
Flavors: r-devel-linux-x86_64-fedora-clang, r-devel-linux-x86_64-fedora-gcc, r-release-macos-arm64, r-release-macos-x86_64, r-oldrel-macos-arm64, r-oldrel-macos-x86_64