Last updated on 2023-01-28 07:14:49 CET.
Flavor | Version | Tinstall | Tcheck | Ttotal | Status | Flags |
---|---|---|---|---|---|---|
r-devel-linux-x86_64-debian-clang | 0.1.2 | 54.05 | 31.74 | 85.79 | OK | |
r-devel-linux-x86_64-debian-gcc | 0.1.2 | 40.36 | 24.25 | 64.61 | WARN | |
r-devel-linux-x86_64-fedora-clang | 0.1.2 | 124.53 | OK | |||
r-devel-linux-x86_64-fedora-gcc | 0.1.2 | 105.52 | WARN | |||
r-devel-windows-x86_64 | 0.1.2 | 47.00 | 79.00 | 126.00 | OK | |
r-patched-linux-x86_64 | 0.1.2 | 41.93 | 31.07 | 73.00 | OK | |
r-release-linux-x86_64 | 0.1.2 | 46.53 | 31.24 | 77.77 | OK | |
r-release-macos-arm64 | 0.1.2 | 31.00 | OK | |||
r-release-macos-x86_64 | 0.1.2 | 40.00 | OK | |||
r-release-windows-x86_64 | 0.1.2 | 43.00 | 87.00 | 130.00 | OK | |
r-oldrel-macos-arm64 | 0.1.2 | 32.00 | OK | |||
r-oldrel-macos-x86_64 | 0.1.2 | 39.00 | OK | |||
r-oldrel-windows-ix86+x86_64 | 0.1.2 | 124.00 | 90.00 | 214.00 | OK |
Version: 0.1.2
Check: whether package can be installed
Result: WARN
Found the following significant warnings:
/usr/include/x86_64-linux-gnu/bits/string_fortified.h:59:33: warning: ‘void* __builtin_memset(void*, int, long unsigned int)’ forming offset [176, 183] is out of the bounds [0, 176] of object ‘nMaxCritMet’ with type ‘arma::rowvec’ {aka ‘arma::Row<double>’} [-Warray-bounds]
See ‘/home/hornik/tmp/R.check/r-devel-gcc/Work/PKGS/bmabasket.Rcheck/00install.out’ for details.
* used C++ compiler: ‘g++-12 (Debian 12.2.0-14) 12.2.0’
Flavor: r-devel-linux-x86_64-debian-gcc
Version: 0.1.2
Check: C++ specification
Result: NOTE
Specified C++11: please update to current default of C++17
Flavors: r-devel-linux-x86_64-debian-gcc, r-devel-linux-x86_64-fedora-gcc
Version: 0.1.2
Check: whether package can be installed
Result: WARN
Found the following significant warnings:
/usr/include/bits/string_fortified.h:59:33: warning: ‘void* __builtin_memset(void*, int, long unsigned int)’ forming offset [176, 183] is out of the bounds [0, 176] of object ‘nMaxCritMet’ with type ‘arma::rowvec’ {aka ‘arma::Row<double>’} [-Warray-bounds]
See ‘/data/gannet/ripley/R/packages/tests-devel/bmabasket.Rcheck/00install.out’ for details.
* used C++ compiler: ‘g++ (GCC) 12.2.1 20221121 (Red Hat 12.2.1-4)’
Flavor: r-devel-linux-x86_64-fedora-gcc