CRAN Package Check Results for Package bmem

Last updated on 2024-06-13 06:57:55 CEST.

Flavor Version Tinstall Tcheck Ttotal Status Flags
r-devel-linux-x86_64-debian-clang 2.1 12.10 116.85 128.95 OK
r-devel-linux-x86_64-debian-gcc 2.1 0.40 1.60 2.00 ERROR
r-devel-linux-x86_64-fedora-clang 2.1 165.25 OK
r-devel-linux-x86_64-fedora-gcc 2.1 153.22 OK
r-devel-windows-x86_64 2.1 12.00 102.00 114.00 OK
r-patched-linux-x86_64 2.1 21.60 107.99 129.59 OK
r-release-linux-x86_64 2.1 13.85 109.76 123.61 OK
r-release-macos-arm64 2.1 48.00 OK
r-release-macos-x86_64 2.1 71.00 OK
r-release-windows-x86_64 2.1 11.00 104.00 115.00 OK
r-oldrel-macos-arm64 2.1 58.00 OK
r-oldrel-macos-x86_64 2.1 119.00 OK
r-oldrel-windows-x86_64 2.1 17.00 125.00 142.00 OK

Check Details

Version: 2.1
Check: package dependencies
Result: ERROR Package required but not available: ‘sem’ See section ‘The DESCRIPTION file’ in the ‘Writing R Extensions’ manual. Flavor: r-devel-linux-x86_64-debian-gcc