CRAN Package Check Results for Package bootLR

Last updated on 2022-08-15 06:49:03 CEST.

Flavor Version Tinstall Tcheck Ttotal Status Flags
r-devel-linux-x86_64-debian-clang 1.0.2 2.59 82.10 84.69 NOTE
r-devel-linux-x86_64-debian-gcc 1.0.2 2.02 57.99 60.01 NOTE
r-devel-linux-x86_64-fedora-clang 1.0.2 104.98 NOTE
r-devel-linux-x86_64-fedora-gcc 1.0.2 106.80 NOTE
r-devel-windows-x86_64 1.0.2 5.00 110.00 115.00 NOTE
r-patched-linux-x86_64 1.0.2 2.88 81.89 84.77 NOTE
r-release-linux-x86_64 1.0.2 2.72 77.98 80.70 NOTE
r-release-macos-arm64 1.0.2 67.00 NOTE
r-release-macos-x86_64 1.0.2 47.00 NOTE
r-release-windows-x86_64 1.0.2 6.00 105.00 111.00 NOTE
r-oldrel-macos-arm64 1.0.2 38.00 NOTE
r-oldrel-macos-x86_64 1.0.2 63.00 NOTE
r-oldrel-windows-ix86+x86_64 1.0.2 6.00 107.00 113.00 NOTE

Check Details

Version: 1.0.2
Check: LazyData
Result: NOTE
     'LazyData' is specified without a 'data' directory
Flavors: r-devel-linux-x86_64-debian-clang, r-devel-linux-x86_64-debian-gcc, r-devel-linux-x86_64-fedora-clang, r-devel-linux-x86_64-fedora-gcc, r-devel-windows-x86_64, r-patched-linux-x86_64, r-release-linux-x86_64, r-release-macos-arm64, r-release-macos-x86_64, r-release-windows-x86_64, r-oldrel-macos-arm64, r-oldrel-macos-x86_64, r-oldrel-windows-ix86+x86_64