CRAN Package Check Results for Package bootUR

Last updated on 2021-06-13 06:49:44 CEST.

Flavor Version Tinstall Tcheck Ttotal Status Flags
r-devel-linux-x86_64-debian-clang 0.2.0 54.37 100.98 155.35 OK
r-devel-linux-x86_64-debian-gcc 0.2.0 32.61 74.81 107.42 OK
r-devel-linux-x86_64-fedora-clang 0.2.0 201.42 OK
r-devel-linux-x86_64-fedora-gcc 0.2.0 191.86 OK
r-devel-windows-x86_64 0.2.0 59.00 178.00 237.00 OK
r-devel-windows-x86_64-gcc10-UCRT 0.2.0 OK
r-patched-linux-x86_64 0.2.0 39.79 102.95 142.74 OK
r-patched-solaris-x86 0.2.0 235.40 OK
r-release-linux-x86_64 0.2.0 38.06 100.31 138.37 OK
r-release-macos-arm64 0.2.0 NOTE
r-release-macos-x86_64 0.2.0 OK
r-release-windows-ix86+x86_64 0.2.0 86.00 205.00 291.00 OK
r-oldrel-macos-x86_64 0.2.0 OK
r-oldrel-windows-ix86+x86_64 0.2.0 85.00 211.00 296.00 OK

Check Details

Version: 0.2.0
Check: installed package size
Result: NOTE
     installed size is 5.6Mb
     sub-directories of 1Mb or more:
     libs 5.2Mb
Flavor: r-release-macos-arm64