CRAN Package Check Results for Package bootnet

Last updated on 2020-09-28 06:49:44 CEST.

Flavor Version Tinstall Tcheck Ttotal Status Flags
r-devel-linux-x86_64-debian-clang 1.4.3 18.92 154.61 173.53 OK
r-devel-linux-x86_64-debian-gcc 1.4.3 15.38 115.92 131.30 OK
r-devel-linux-x86_64-fedora-clang 1.4.3 215.57 NOTE
r-devel-linux-x86_64-fedora-gcc 1.4.3 205.56 NOTE
r-devel-windows-ix86+x86_64 1.4.3 46.00 173.00 219.00 OK
r-patched-linux-x86_64 1.4.3 17.39 140.76 158.15 OK
r-patched-solaris-x86 1.4.3 295.90 NOTE
r-release-linux-x86_64 1.4.3 19.35 142.36 161.71 OK
r-release-macos-x86_64 1.4.3 NOTE
r-release-windows-ix86+x86_64 1.4.3 46.00 173.00 219.00 OK
r-oldrel-macos-x86_64 1.4.3 NOTE
r-oldrel-windows-ix86+x86_64 1.4.3 42.00 215.00 257.00 OK

Check Details

Version: 1.4.3
Check: package dependencies
Result: NOTE
    Imports includes 22 non-default packages.
    Importing from so many packages makes the package vulnerable to any of
    them becoming unavailable. Move as many as possible to Suggests and
    use conditionally.
Flavor: r-devel-linux-x86_64-fedora-clang

Version: 1.4.3
Check: dependencies in R code
Result: NOTE
    Namespace in Imports field not imported from: ‘psychTools’
     All declared Imports should be used.
Flavors: r-devel-linux-x86_64-fedora-clang, r-devel-linux-x86_64-fedora-gcc, r-patched-solaris-x86, r-release-macos-x86_64, r-oldrel-macos-x86_64

Version: 1.4.3
Check: Rd cross-references
Result: NOTE
    Undeclared package ‘psych’ in Rd xrefs
Flavor: r-devel-linux-x86_64-fedora-clang