CRAN Package Check Results for Package boxr

Last updated on 2024-02-27 06:50:26 CET.

Flavor Version Tinstall Tcheck Ttotal Status Flags
r-devel-linux-x86_64-debian-clang 0.3.6 8.60 72.91 81.51 OK
r-devel-linux-x86_64-debian-gcc 0.3.6 6.06 54.86 60.92 OK
r-devel-linux-x86_64-fedora-clang 0.3.6 99.95 NOTE
r-devel-linux-x86_64-fedora-gcc 0.3.6 110.76 OK
r-devel-windows-x86_64 0.3.6 8.00 82.00 90.00 OK
r-patched-linux-x86_64 0.3.6 11.11 70.20 81.31 OK
r-release-linux-x86_64 0.3.6 5.66 68.83 74.49 OK
r-release-macos-arm64 0.3.6 43.00 OK
r-release-macos-x86_64 0.3.6 65.00 OK
r-release-windows-x86_64 0.3.6 9.00 95.00 104.00 OK
r-oldrel-macos-arm64 0.3.6 32.00 OK
r-oldrel-windows-x86_64 0.3.6 11.00 85.00 96.00 OK

Check Details

Version: 0.3.6
Check: Rd cross-references
Result: NOTE Undeclared packages ‘data.table’, ‘readxl’, ‘openxlsx’ in Rd xrefs Flavor: r-devel-linux-x86_64-fedora-clang