CRAN Package Check Results for Package bpgmm

Last updated on 2024-02-23 06:50:24 CET.

Flavor Version Tinstall Tcheck Ttotal Status Flags
r-devel-linux-x86_64-debian-clang 1.0.9 NOTE
r-devel-linux-x86_64-debian-gcc 1.0.9 96.14 60.73 156.87 NOTE
r-devel-linux-x86_64-fedora-clang 1.0.9 304.09 NOTE
r-devel-linux-x86_64-fedora-gcc 1.0.9 273.26 NOTE
r-devel-windows-x86_64 1.0.9 86.00 114.00 200.00 NOTE
r-patched-linux-x86_64 1.0.9 86.21 78.96 165.17 NOTE
r-release-linux-x86_64 1.0.9 98.03 77.22 175.25 NOTE
r-release-macos-arm64 1.0.9 70.00 NOTE
r-release-macos-x86_64 1.0.9 111.00 NOTE
r-release-windows-x86_64 1.0.9 109.00 131.00 240.00 NOTE
r-oldrel-macos-arm64 1.0.9 61.00 NOTE
r-oldrel-windows-x86_64 1.0.9 108.00 115.00 223.00 OK

Additional issues

donttest

Check Details

Version: 1.0.9
Check: C++ specification
Result: NOTE Specified C++11: please drop specification unless essential Flavors: r-devel-linux-x86_64-debian-clang, r-devel-linux-x86_64-debian-gcc, r-devel-linux-x86_64-fedora-clang, r-devel-linux-x86_64-fedora-gcc, r-devel-windows-x86_64, r-patched-linux-x86_64, r-release-linux-x86_64, r-release-macos-arm64, r-release-macos-x86_64, r-release-windows-x86_64

Version: 1.0.9
Check: installed package size
Result: NOTE installed size is 5.8Mb sub-directories of 1Mb or more: libs 5.6Mb Flavors: r-release-macos-arm64, r-release-macos-x86_64, r-oldrel-macos-arm64