Last updated on 2023-01-31 06:51:16 CET.
Flavor | Version | Tinstall | Tcheck | Ttotal | Status | Flags |
---|---|---|---|---|---|---|
r-devel-linux-x86_64-debian-clang | 1.0.9 | 110.44 | 85.89 | 196.33 | OK | |
r-devel-linux-x86_64-debian-gcc | 1.0.9 | 88.48 | 58.71 | 147.19 | NOTE | |
r-devel-linux-x86_64-fedora-clang | 1.0.9 | 281.39 | NOTE | |||
r-devel-linux-x86_64-fedora-gcc | 1.0.9 | 276.11 | NOTE | |||
r-devel-windows-x86_64 | 1.0.9 | 97.00 | 147.00 | 244.00 | NOTE | |
r-patched-linux-x86_64 | 1.0.9 | 64.55 | 79.34 | 143.89 | OK | |
r-release-linux-x86_64 | 1.0.9 | 73.74 | 80.75 | 154.49 | OK | |
r-release-macos-arm64 | 1.0.9 | 61.00 | NOTE | |||
r-release-macos-x86_64 | 1.0.9 | 85.00 | NOTE | |||
r-release-windows-x86_64 | 1.0.9 | 97.00 | 142.00 | 239.00 | OK | |
r-oldrel-macos-arm64 | 1.0.9 | 56.00 | NOTE | |||
r-oldrel-macos-x86_64 | 1.0.9 | 87.00 | NOTE | |||
r-oldrel-windows-ix86+x86_64 | 1.0.9 | 271.00 | 168.00 | 439.00 | OK |
Version: 1.0.9
Check: C++ specification
Result: NOTE
Specified C++11: please update to current default of C++17
Flavors: r-devel-linux-x86_64-debian-gcc, r-devel-linux-x86_64-fedora-clang, r-devel-linux-x86_64-fedora-gcc, r-devel-windows-x86_64
Version: 1.0.9
Check: installed package size
Result: NOTE
installed size is 5.9Mb
sub-directories of 1Mb or more:
libs 5.6Mb
Flavors: r-release-macos-arm64, r-release-macos-x86_64, r-oldrel-macos-arm64, r-oldrel-macos-x86_64