CRAN Package Check Results for Package bpgmm

Last updated on 2020-08-13 06:47:21 CEST.

Flavor Version Tinstall Tcheck Ttotal Status Flags
r-devel-linux-x86_64-debian-clang 1.0.7 123.80 63.53 187.33 OK
r-devel-linux-x86_64-debian-gcc 1.0.7 89.97 48.03 138.00 OK
r-devel-linux-x86_64-fedora-clang 1.0.7 247.72 NOTE
r-devel-linux-x86_64-fedora-gcc 1.0.7 222.84 OK
r-devel-windows-ix86+x86_64 1.0.7 236.00 161.00 397.00 OK
r-patched-linux-x86_64 1.0.7 91.86 61.77 153.63 OK
r-patched-solaris-x86 1.0.7 210.50 OK
r-release-linux-x86_64 1.0.7 81.32 62.36 143.68 OK
r-release-macos-x86_64 1.0.7 NOTE
r-release-windows-ix86+x86_64 1.0.7 275.00 162.00 437.00 OK
r-oldrel-macos-x86_64 1.0.7 NOTE
r-oldrel-windows-ix86+x86_64 1.0.7 188.00 149.00 337.00 OK

Check Details

Version: 1.0.7
Check: installed package size
Result: NOTE
     installed size is 6.9Mb
     sub-directories of 1Mb or more:
     libs 6.6Mb
Flavors: r-devel-linux-x86_64-fedora-clang, r-release-macos-x86_64, r-oldrel-macos-x86_64