CRAN Package Check Results for Package brainR

Last updated on 2020-09-21 06:49:05 CEST.

Flavor Version Tinstall Tcheck Ttotal Status Flags
r-devel-linux-x86_64-debian-clang 1.6.0 6.83 57.03 63.86 OK
r-devel-linux-x86_64-debian-gcc 1.6.0 6.74 45.98 52.72 OK
r-devel-linux-x86_64-fedora-clang 1.6.0 93.17 OK
r-devel-linux-x86_64-fedora-gcc 1.6.0 84.04 OK
r-devel-windows-ix86+x86_64 1.6.0 18.00 66.00 84.00 OK
r-patched-linux-x86_64 1.6.0 8.66 58.27 66.93 OK
r-patched-solaris-x86 1.6.0 121.90 OK
r-release-linux-x86_64 1.6.0 8.59 58.44 67.03 OK
r-release-macos-x86_64 1.6.0 OK
r-release-windows-ix86+x86_64 1.6.0 17.00 60.00 77.00 OK
r-oldrel-macos-x86_64 1.6.0 WARN
r-oldrel-windows-ix86+x86_64 1.6.0 10.00 76.00 86.00 OK

Check Details

Version: 1.6.0
Check: whether package can be installed
Result: WARN
    Found the following significant warnings:
     Warning: 'rgl_init' failed, running with rgl.useNULL = TRUE
Flavor: r-oldrel-macos-x86_64

Version: 1.6.0
Check: dependencies in R code
Result: NOTE
    No protocol specified
Flavor: r-oldrel-macos-x86_64

Version: 1.6.0
Check: S3 generic/method consistency
Result: WARN
    No protocol specified
    See section ‘Generic functions and methods’ in the ‘Writing R
    Extensions’ manual.
Flavor: r-oldrel-macos-x86_64

Version: 1.6.0
Check: replacement functions
Result: WARN
    No protocol specified
    The argument of a replacement function which corresponds to the right
    hand side must be named ‘value’.
Flavor: r-oldrel-macos-x86_64

Version: 1.6.0
Check: foreign function calls
Result: NOTE
    No protocol specified
    See chapter ‘System and foreign language interfaces’ in the ‘Writing R
    Extensions’ manual.
Flavor: r-oldrel-macos-x86_64

Version: 1.6.0
Check: R code for possible problems
Result: NOTE
    No protocol specified
Flavor: r-oldrel-macos-x86_64

Version: 1.6.0
Check: for missing documentation entries
Result: WARN
    No protocol specified
    All user-level objects in a package should have documentation entries.
    See chapter ‘Writing R documentation files’ in the ‘Writing R
    Extensions’ manual.
Flavor: r-oldrel-macos-x86_64

Version: 1.6.0
Check: for code/documentation mismatches
Result: WARN
    No protocol specified
    No protocol specified
    No protocol specified
Flavor: r-oldrel-macos-x86_64

Version: 1.6.0
Check: Rd \usage sections
Result: NOTE
    No protocol specified
    The \usage entries for S3 methods should use the \method markup and not
    their full name.
    See chapter ‘Writing R documentation files’ in the ‘Writing R
    Extensions’ manual.
Flavor: r-oldrel-macos-x86_64