CRAN Package Check Results for Package breakDown

Last updated on 2021-01-20 06:46:41 CET.

Flavor Version Tinstall Tcheck Ttotal Status Flags
r-devel-linux-x86_64-debian-clang 0.2.0 5.01 500.36 505.37 OK
r-devel-linux-x86_64-debian-gcc 0.2.0 3.75 391.64 395.39 OK
r-devel-linux-x86_64-fedora-clang 0.2.0 627.85 OK
r-devel-linux-x86_64-fedora-gcc 0.2.0 652.33 OK
r-devel-windows-ix86+x86_64 0.2.0 9.00 504.00 513.00 OK
r-patched-linux-x86_64 0.2.0 4.75 481.78 486.53 OK
r-patched-solaris-x86 0.2.0 2850.80 WARN
r-release-linux-x86_64 0.2.0 4.32 488.09 492.41 OK
r-release-macos-x86_64 0.2.0 OK
r-release-windows-ix86+x86_64 0.2.0 10.00 447.00 457.00 OK
r-oldrel-macos-x86_64 0.2.0 OK
r-oldrel-windows-ix86+x86_64 0.2.0 8.00 460.00 468.00 OK

Check Details

Version: 0.2.0
Check: re-building of vignette outputs
Result: WARN
    Error(s) in re-building vignettes:
     ...
    --- re-building ‘break_caret.Rmd’ using rmarkdown
    Warning in engine$weave(file, quiet = quiet, encoding = enc) :
     Pandoc (>= 1.12.3) and/or pandoc-citeproc not available. Falling back to R Markdown v1.
    Loading required package: lattice
    Loading required package: ggplot2
    --- finished re-building ‘break_caret.Rmd’
    
    --- re-building ‘break_glm.Rmd’ using rmarkdown
    Warning in engine$weave(file, quiet = quiet, encoding = enc) :
     Pandoc (>= 1.12.3) and/or pandoc-citeproc not available. Falling back to R Markdown v1.
    --- finished re-building ‘break_glm.Rmd’
    
    --- re-building ‘break_lm.Rmd’ using rmarkdown
    Warning in engine$weave(file, quiet = quiet, encoding = enc) :
     Pandoc (>= 1.12.3) and/or pandoc-citeproc not available. Falling back to R Markdown v1.
    --- finished re-building ‘break_lm.Rmd’
    
    --- re-building ‘break_randomForest.Rmd’ using rmarkdown
    Warning in engine$weave(file, quiet = quiet, encoding = enc) :
     Pandoc (>= 1.12.3) and/or pandoc-citeproc not available. Falling back to R Markdown v1.
    --- finished re-building ‘break_randomForest.Rmd’
    
    Cpu Limit Exceeded - core dumped
    --- re-building ‘break_ranger.Rmd’ using rmarkdown
    Warning in engine$weave(file, quiet = quiet, encoding = enc) :
     Pandoc (>= 1.12.3) and/or pandoc-citeproc not available. Falling back to R Markdown v1.
    --- re-building ‘break_svm.Rmd’ using rmarkdown
    Warning in engine$weave(file, quiet = quiet, encoding = enc) :
     Pandoc (>= 1.12.3) and/or pandoc-citeproc not available. Falling back to R Markdown v1.
    --- finished re-building ‘break_svm.Rmd’
    
    --- re-building ‘break_xgboost.Rmd’ using rmarkdown
    Warning in engine$weave(file, quiet = quiet, encoding = enc) :
     Pandoc (>= 1.12.3) and/or pandoc-citeproc not available. Falling back to R Markdown v1.
    --- finished re-building ‘break_xgboost.Rmd’
    
    SUMMARY: processing the following file failed:
     ‘break_ranger.Rmd’
    
    Error: Vignette re-building failed.
    Execution halted
Flavor: r-patched-solaris-x86