CRAN Package Check Results for Package briskaR

Last updated on 2020-10-28 05:48:30 CET.

Flavor Version Tinstall Tcheck Ttotal Status Flags
r-devel-linux-x86_64-debian-clang 1.0.0 67.53 159.43 226.96 OK
r-devel-linux-x86_64-debian-gcc 1.0.0 58.24 117.40 175.64 OK
r-devel-linux-x86_64-fedora-clang 1.0.0 295.76 OK
r-devel-linux-x86_64-fedora-gcc 1.0.0 286.43 OK
r-devel-windows-ix86+x86_64 1.0.0 156.00 274.00 430.00 OK
r-patched-linux-x86_64 1.0.0 OK
r-patched-solaris-x86 1.0.0 328.50 OK
r-release-linux-x86_64 1.0.0 64.63 145.12 209.75 OK
r-release-macos-x86_64 1.0.0 NOTE
r-release-windows-ix86+x86_64 1.0.0 120.00 188.00 308.00 OK
r-oldrel-macos-x86_64 1.0.0 NOTE
r-oldrel-windows-ix86+x86_64 1.0.0 141.00 240.00 381.00 OK

Check Details

Version: 1.0.0
Check: installed package size
Result: NOTE
     installed size is 8.2Mb
     sub-directories of 1Mb or more:
     doc 1.1Mb
     libs 6.6Mb
Flavors: r-release-macos-x86_64, r-oldrel-macos-x86_64