CRAN Package Check Results for Package brlrmr

Last updated on 2020-08-13 06:47:22 CEST.

Flavor Version Tinstall Tcheck Ttotal Status Flags
r-devel-linux-x86_64-debian-clang 0.1.7 3.17 24.66 27.83 OK
r-devel-linux-x86_64-debian-gcc 0.1.7 2.16 19.43 21.59 OK
r-devel-linux-x86_64-fedora-clang 0.1.7 41.46 NOTE
r-devel-linux-x86_64-fedora-gcc 0.1.7 32.71 NOTE
r-devel-windows-ix86+x86_64 0.1.7 10.00 49.00 59.00 OK
r-patched-linux-x86_64 0.1.7 3.00 24.72 27.72 OK
r-patched-solaris-x86 0.1.7 50.00 NOTE
r-release-linux-x86_64 0.1.7 3.15 24.91 28.06 OK
r-release-macos-x86_64 0.1.7 NOTE
r-release-windows-ix86+x86_64 0.1.7 12.00 36.00 48.00 OK
r-oldrel-macos-x86_64 0.1.7 NOTE
r-oldrel-windows-ix86+x86_64 0.1.7 4.00 47.00 51.00 OK

Check Details

Version: 0.1.7
Check: dependencies in R code
Result: NOTE
    Namespaces in Imports field not imported from:
     ‘Rcpp’ ‘profileModel’
     All declared Imports should be used.
Flavors: r-devel-linux-x86_64-fedora-clang, r-devel-linux-x86_64-fedora-gcc, r-patched-solaris-x86, r-release-macos-x86_64, r-oldrel-macos-x86_64