CRAN Package Check Results for Package brms

Last updated on 2020-12-02 06:46:37 CET.

Flavor Version Tinstall Tcheck Ttotal Status Flags
r-devel-linux-x86_64-debian-clang 2.14.4 76.68 516.65 593.33 NOTE
r-devel-linux-x86_64-debian-gcc 2.14.4 51.86 386.07 437.93 NOTE
r-devel-linux-x86_64-fedora-clang 2.14.4 702.10 NOTE
r-devel-linux-x86_64-fedora-gcc 2.14.4 697.92 NOTE
r-devel-windows-ix86+x86_64 2.14.4 105.00 207.00 312.00 NOTE --no-examples --no-tests --no-vignettes
r-patched-linux-x86_64 2.14.4 41.26 489.39 530.65 NOTE
r-patched-solaris-x86 2.14.4 853.10 NOTE
r-release-linux-x86_64 2.14.4 41.20 493.53 534.73 NOTE
r-release-macos-x86_64 2.14.4 NOTE
r-release-windows-ix86+x86_64 2.14.4 78.00 209.00 287.00 NOTE --no-examples --no-tests --no-vignettes
r-oldrel-macos-x86_64 2.14.4 NOTE
r-oldrel-windows-ix86+x86_64 2.14.4 103.00 268.00 371.00 NOTE --no-examples --no-tests --no-vignettes

Check Details

Version: 2.14.4
Check: package dependencies
Result: NOTE
    Package suggested but not available for checking: 'cmdstanr'
Flavors: r-devel-linux-x86_64-debian-clang, r-devel-linux-x86_64-debian-gcc, r-devel-linux-x86_64-fedora-clang, r-devel-linux-x86_64-fedora-gcc, r-patched-linux-x86_64, r-patched-solaris-x86, r-release-linux-x86_64, r-release-macos-x86_64, r-oldrel-macos-x86_64

Version: 2.14.4
Check: installed package size
Result: NOTE
     installed size is 6.9Mb
     sub-directories of 1Mb or more:
     R 3.0Mb
     doc 2.8Mb
Flavors: r-devel-linux-x86_64-fedora-clang, r-patched-solaris-x86, r-release-macos-x86_64, r-oldrel-macos-x86_64

Version: 2.14.4
Check: Rd cross-references
Result: NOTE
    Undeclared packages ‘shiny’, ‘gtable’ in Rd xrefs
Flavor: r-devel-linux-x86_64-fedora-clang

Version: 2.14.4
Flags: --no-examples --no-tests --no-vignettes
Check: package dependencies
Result: NOTE
    Package suggested but not available for checking: 'cmdstanr'
Flavors: r-devel-windows-ix86+x86_64, r-release-windows-ix86+x86_64, r-oldrel-windows-ix86+x86_64

Version: 2.14.4
Flags: --no-examples --no-tests --no-vignettes
Check: installed package size
Result: NOTE
     installed size is 6.8Mb
     sub-directories of 1Mb or more:
     R 3.0Mb
     doc 2.8Mb
Flavors: r-devel-windows-ix86+x86_64, r-release-windows-ix86+x86_64, r-oldrel-windows-ix86+x86_64