CRAN Package Check Results for Package broom.mixed

Last updated on 2020-10-24 06:46:37 CEST.

Flavor Version Tinstall Tcheck Ttotal Status Flags
r-devel-linux-x86_64-debian-clang 0.2.6 12.80 186.11 198.91 NOTE
r-devel-linux-x86_64-debian-gcc 0.2.6 10.88 137.03 147.91 NOTE
r-devel-linux-x86_64-fedora-clang 0.2.6 255.21 NOTE
r-devel-linux-x86_64-fedora-gcc 0.2.6 230.26 NOTE
r-devel-windows-ix86+x86_64 0.2.6 25.00 232.00 257.00 NOTE
r-patched-linux-x86_64 0.2.6 10.87 158.03 168.90 NOTE
r-patched-solaris-x86 0.2.6 325.80 NOTE
r-release-linux-x86_64 0.2.6 11.36 170.77 182.13 NOTE
r-release-macos-x86_64 0.2.6 NOTE
r-release-windows-ix86+x86_64 0.2.6 20.00 175.00 195.00 NOTE
r-oldrel-macos-x86_64 0.2.6 NOTE
r-oldrel-windows-ix86+x86_64 0.2.6 22.00 215.00 237.00 NOTE

Check Details

Version: 0.2.6
Check: package dependencies
Result: NOTE
    Package suggested but not available for checking: 'glmmADMB'
Flavors: r-devel-linux-x86_64-debian-clang, r-devel-linux-x86_64-debian-gcc, r-devel-linux-x86_64-fedora-clang, r-devel-linux-x86_64-fedora-gcc, r-devel-windows-ix86+x86_64, r-patched-solaris-x86, r-release-linux-x86_64, r-release-macos-x86_64, r-release-windows-ix86+x86_64, r-oldrel-macos-x86_64, r-oldrel-windows-ix86+x86_64

Version: 0.2.6
Check: package dependencies
Result: NOTE
    Packages suggested but not available for checking: 'glmmADMB', 'rstanarm'
Flavor: r-patched-linux-x86_64