CRAN Package Check Results for Package brr

Last updated on 2022-10-01 07:07:53 CEST.

Flavor Version Tinstall Tcheck Ttotal Status Flags
r-devel-linux-x86_64-debian-clang 1.0.0 5.64 76.62 82.26 NOTE
r-devel-linux-x86_64-debian-gcc 1.0.0 4.71 57.95 62.66 NOTE
r-devel-linux-x86_64-fedora-clang 1.0.0 115.60 NOTE
r-devel-linux-x86_64-fedora-gcc 1.0.0 110.63 NOTE
r-devel-windows-x86_64 1.0.0 30.00 120.00 150.00 NOTE
r-patched-linux-x86_64 1.0.0 8.89 74.18 83.07 OK
r-release-linux-x86_64 1.0.0 5.04 73.73 78.77 OK
r-release-macos-arm64 1.0.0 31.00 OK
r-release-macos-x86_64 1.0.0 47.00 OK
r-release-windows-x86_64 1.0.0 26.00 116.00 142.00 OK
r-oldrel-macos-arm64 1.0.0 43.00 OK
r-oldrel-macos-x86_64 1.0.0 63.00 OK
r-oldrel-windows-ix86+x86_64 1.0.0 12.00 111.00 123.00 OK

Check Details

Version: 1.0.0
Check: Rd files
Result: NOTE
    checkRd: (-1) brr-package.Rd:33: Escaped LaTeX specials: \&
Flavors: r-devel-linux-x86_64-debian-clang, r-devel-linux-x86_64-debian-gcc, r-devel-linux-x86_64-fedora-clang, r-devel-linux-x86_64-fedora-gcc, r-devel-windows-x86_64