CRAN Package Check Results for Package bscui

Last updated on 2024-06-13 06:57:56 CEST.

Flavor Version Tinstall Tcheck Ttotal Status Flags
r-devel-linux-x86_64-debian-clang 0.1.5 3.55 45.49 49.04 OK
r-devel-linux-x86_64-debian-gcc 0.1.5 2.69 27.62 30.31 ERROR
r-devel-linux-x86_64-fedora-clang 0.1.5 62.45 OK
r-devel-linux-x86_64-fedora-gcc 0.1.5 73.22 OK
r-devel-windows-x86_64 0.1.5 5.00 62.00 67.00 OK
r-patched-linux-x86_64 0.1.5 4.56 44.17 48.73 OK
r-release-linux-x86_64 0.1.5 4.70 43.58 48.28 OK
r-release-macos-arm64 0.1.5 34.00 OK
r-release-macos-x86_64 0.1.5 49.00 OK
r-release-windows-x86_64 0.1.5 5.00 62.00 67.00 OK
r-oldrel-macos-arm64 0.1.5 37.00 OK
r-oldrel-macos-x86_64 0.1.5 61.00 OK
r-oldrel-windows-x86_64 0.1.5 5.00 68.00 73.00 OK

Check Details

Version: 0.1.5
Check: package dependencies
Result: NOTE Packages suggested but not available for checking: 'dplyr', 'readr', 'stringr', 'reactable.extras' Flavor: r-devel-linux-x86_64-debian-gcc

Version: 0.1.5
Check: examples
Result: ERROR Running examples in ‘bscui-Ex.R’ failed The error most likely occurred in: > base::assign(".ptime", proc.time(), pos = "CheckExEnv") > ### Name: bscui > ### Title: Build SVG Custom User Interface > ### Aliases: bscui > > ### ** Examples > > ##################################@ > ### Preparing data ---- > > library(bscui) > library(xml2) > library(readr) Error in library(readr) : there is no package called ‘readr’ Execution halted Flavor: r-devel-linux-x86_64-debian-gcc

Version: 0.1.5
Check: re-building of vignette outputs
Result: ERROR Error(s) in re-building vignettes: ... --- re-building ‘bscui.Rmd’ using rmarkdown Quitting from lines 22-38 [setup] (bscui.Rmd) Error: processing vignette 'bscui.Rmd' failed with diagnostics: there is no package called 'dplyr' --- failed re-building ‘bscui.Rmd’ SUMMARY: processing the following file failed: ‘bscui.Rmd’ Error: Vignette re-building failed. Execution halted Flavor: r-devel-linux-x86_64-debian-gcc