CRAN Package Check Results for Package bsreg

Last updated on 2024-06-12 07:57:02 CEST.

Flavor Version Tinstall Tcheck Ttotal Status Flags
r-devel-linux-x86_64-debian-clang 0.0.2 8.83 30.79 39.62 OK
r-devel-linux-x86_64-debian-gcc 0.0.2 9.52 23.58 33.10 OK
r-devel-linux-x86_64-fedora-clang 0.0.2 54.72 NOTE
r-devel-linux-x86_64-fedora-gcc 0.0.2 50.65 NOTE
r-devel-windows-x86_64 0.0.2 9.00 45.00 54.00 OK
r-patched-linux-x86_64 0.0.2 11.13 29.45 40.58 OK
r-release-linux-x86_64 0.0.2 10.61 29.86 40.47 OK
r-release-macos-arm64 0.0.2 20.00 OK
r-release-macos-x86_64 0.0.2 29.00 OK
r-release-windows-x86_64 0.0.2 10.00 51.00 61.00 OK
r-oldrel-macos-arm64 0.0.2 20.00 OK
r-oldrel-macos-x86_64 0.0.2 30.00 OK
r-oldrel-windows-x86_64 0.0.2 8.00 47.00 55.00 OK

Check Details

Version: 0.0.2
Check: dependencies in R code
Result: NOTE Namespaces in Imports field not imported from: ‘Matrix’ ‘grDevices’ ‘graphics’ All declared Imports should be used. Flavors: r-devel-linux-x86_64-fedora-clang, r-devel-linux-x86_64-fedora-gcc