Last updated on 2023-03-25 05:50:27 CET.
Flavor | Version | Tinstall | Tcheck | Ttotal | Status | Flags |
---|---|---|---|---|---|---|
r-devel-linux-x86_64-debian-clang | 1.0 | 10.75 | 67.85 | 78.60 | OK | |
r-devel-linux-x86_64-debian-gcc | 1.0 | 7.76 | 51.11 | 58.87 | OK | |
r-devel-linux-x86_64-fedora-clang | 1.0 | 95.92 | NOTE | |||
r-devel-linux-x86_64-fedora-gcc | 1.0 | 92.06 | NOTE | |||
r-patched-linux-x86_64 | 1.0 | 8.44 | 64.12 | 72.56 | OK | |
r-release-linux-x86_64 | 1.0 | 7.91 | 63.23 | 71.14 | OK | |
r-release-macos-arm64 | 1.0 | 33.00 | NOTE | |||
r-release-macos-x86_64 | 1.0 | 60.00 | NOTE | |||
r-release-windows-x86_64 | 1.0 | 22.00 | 95.00 | 117.00 | OK | |
r-oldrel-macos-arm64 | 1.0 | 36.00 | NOTE | |||
r-oldrel-macos-x86_64 | 1.0 | 44.00 | NOTE | |||
r-oldrel-windows-ix86+x86_64 | 1.0 | 22.00 | 93.00 | 115.00 | OK |
Version: 1.0
Check: dependencies in R code
Result: NOTE
Namespaces in Imports field not imported from:
‘mvtnorm’ ‘ssmn’
All declared Imports should be used.
Flavors: r-devel-linux-x86_64-fedora-clang, r-devel-linux-x86_64-fedora-gcc, r-release-macos-arm64, r-release-macos-x86_64, r-oldrel-macos-arm64, r-oldrel-macos-x86_64