CRAN Package Check Results for Package bssn

Last updated on 2020-08-06 06:48:25 CEST.

Flavor Version Tinstall Tcheck Ttotal Status Flags
r-devel-linux-x86_64-debian-clang 1.0 7.91 54.39 62.30 OK
r-devel-linux-x86_64-debian-gcc 1.0 6.69 40.79 47.48 OK
r-devel-linux-x86_64-fedora-clang 1.0 84.56 NOTE
r-devel-linux-x86_64-fedora-gcc 1.0 73.70 NOTE
r-devel-windows-ix86+x86_64 1.0 32.00 67.00 99.00 OK
r-patched-linux-x86_64 1.0 6.14 52.65 58.79 OK
r-patched-solaris-x86 1.0 111.80 NOTE
r-release-linux-x86_64 1.0 5.74 52.76 58.50 OK
r-release-macos-x86_64 1.0 NOTE
r-release-windows-ix86+x86_64 1.0 18.00 99.00 117.00 OK
r-oldrel-macos-x86_64 1.0 NOTE
r-oldrel-windows-ix86+x86_64 1.0 14.00 88.00 102.00 OK

Check Details

Version: 1.0
Check: dependencies in R code
Result: NOTE
    Namespaces in Imports field not imported from:
     ‘mvtnorm’ ‘ssmn’
     All declared Imports should be used.
Flavors: r-devel-linux-x86_64-fedora-clang, r-devel-linux-x86_64-fedora-gcc, r-patched-solaris-x86, r-release-macos-x86_64, r-oldrel-macos-x86_64