CRAN Package Check Results for Package bsts

Last updated on 2020-08-13 06:47:22 CEST.

Flavor Version Tinstall Tcheck Ttotal Status Flags
r-devel-linux-x86_64-debian-clang 0.9.5 105.89 273.74 379.63 OK
r-devel-linux-x86_64-debian-gcc 0.9.5 88.13 211.59 299.72 OK
r-devel-linux-x86_64-fedora-clang 0.9.5 485.13 NOTE
r-devel-linux-x86_64-fedora-gcc 0.9.5 508.68 OK
r-devel-windows-ix86+x86_64 0.9.5 257.00 695.00 952.00 NOTE
r-patched-linux-x86_64 0.9.5 101.92 280.94 382.86 OK
r-release-linux-x86_64 0.9.5 101.58 278.17 379.75 OK
r-release-macos-x86_64 0.9.5 NOTE
r-release-windows-ix86+x86_64 0.9.5 267.00 732.00 999.00 ERROR
r-oldrel-macos-x86_64 0.9.5 NOTE
r-oldrel-windows-ix86+x86_64 0.9.5 203.00 722.00 925.00 NOTE

Check Details

Version: 0.9.5
Check: installed package size
Result: NOTE
     installed size is 105.2Mb
     sub-directories of 1Mb or more:
     libs 104.4Mb
Flavors: r-devel-linux-x86_64-fedora-clang, r-devel-windows-ix86+x86_64, r-release-macos-x86_64, r-release-windows-ix86+x86_64, r-oldrel-macos-x86_64, r-oldrel-windows-ix86+x86_64

Version: 0.9.5
Check: running tests for arch ‘i386’
Result: ERROR
     Running 'testthat.R' [204s]
    Running the tests in 'tests/testthat.R' failed.
    Complete output:
     > library(testthat)
     > library(bsts)
     Loading required package: BoomSpikeSlab
     Loading required package: Boom
     Loading required package: MASS
    
     Attaching package: 'Boom'
    
     The following object is masked from 'package:stats':
    
     rWishart
    
    
     Attaching package: 'BoomSpikeSlab'
    
     The following object is masked from 'package:stats':
    
     knots
    
     Loading required package: zoo
    
     Attaching package: 'zoo'
    
     The following objects are masked from 'package:base':
    
     as.Date, as.Date.numeric
    
     Loading required package: xts
    
     Attaching package: 'bsts'
    
     The following object is masked from 'package:BoomSpikeSlab':
    
     SuggestBurn
    
     > library(Boom)
     >
     > test_check("bsts")
     =-=-=-=-= Iteration 0 Fri Aug 07 22:04:17 2020
     =-=-=-=-=
     =-=-=-=-= Iteration 5 Fri Aug 07 22:04:20 2020
     =-=-=-=-=
     =-=-=-=-= Iteration 10 Fri Aug 07 22:04:22 2020
     =-=-=-=-=
     =-=-=-=-= Iteration 15 Fri Aug 07 22:04:25 2020
     =-=-=-=-=
     =-=-=-=-= Iteration 20 Fri Aug 07 22:04:28 2020
     =-=-=-=-=
     =-=-=-=-= Iteration 25 Fri Aug 07 22:04:30 2020
     =-=-=-=-=
     =-=-=-=-= Iteration 30 Fri Aug 07 22:04:33 2020
     =-=-=-=-=
     =-=-=-=-= Iteration 35 Fri Aug 07 22:04:35 2020
     =-=-=-=-=
     =-=-=-=-= Iteration 40 Fri Aug 07 22:04:38 2020
     =-=-=-=-=
     =-=-=-=-= Iteration 45 Fri Aug 07 22:04:40 2020
     =-=-=-=-=
     =-=-=-=-= Iteration 0 Fri Aug 07 22:04:44 2020
     =-=-=-=-=
     =-=-=-=-= Iteration 5 Fri Aug 07 22:04:47 2020
     =-=-=-=-=
     =-=-=-=-= Iteration 10 Fri Aug 07 22:04:49 2020
     =-=-=-=-=
     =-=-=-=-= Iteration 15 Fri Aug 07 22:04:52 2020
     =-=-=-=-=
     =-=-=-=-= Iteration 20 Fri Aug 07 22:04:55 2020
     =-=-=-=-=
     =-=-=-=-= Iteration 25 Fri Aug 07 22:04:57 2020
     =-=-=-=-=
     =-=-=-=-= Iteration 30 Fri Aug 07 22:05:00 2020
     =-=-=-=-=
     =-=-=-=-= Iteration 35 Fri Aug 07 22:05:03 2020
     =-=-=-=-=
     =-=-=-=-= Iteration 40 Fri Aug 07 22:05:05 2020
     =-=-=-=-=
     =-=-=-=-= Iteration 45 Fri Aug 07 22:05:08 2020
     =-=-=-=-=
     -- 1. Failure: Models are identical (@test-dirm.R#38) -------------------------
     all(model$coefficients == model2$coefficients) isn't true.
    
     -- 2. Failure: Models are identical (@test-dirm.R#39) -------------------------
     all(model$sigma.obs == model2$sigma.obs) isn't true.
    
     =-=-=-=-= Iteration 0 Fri Aug 07 22:05:11 2020
     =-=-=-=-=
     =-=-=-=-= Iteration 10 Fri Aug 07 22:05:11 2020
     =-=-=-=-=
     =-=-=-=-= Iteration 20 Fri Aug 07 22:05:11 2020
     =-=-=-=-=
     =-=-=-=-= Iteration 30 Fri Aug 07 22:05:11 2020
     =-=-=-=-=
     =-=-=-=-= Iteration 40 Fri Aug 07 22:05:11 2020
     =-=-=-=-=
     =-=-=-=-= Iteration 50 Fri Aug 07 22:05:12 2020
     =-=-=-=-=
     =-=-=-=-= Iteration 60 Fri Aug 07 22:05:12 2020
     =-=-=-=-=
     =-=-=-=-= Iteration 70 Fri Aug 07 22:05:12 2020
     =-=-=-=-=
     =-=-=-=-= Iteration 80 Fri Aug 07 22:05:12 2020
     =-=-=-=-=
     =-=-=-=-= Iteration 90 Fri Aug 07 22:05:12 2020
     =-=-=-=-=
     =-=-=-=-= Iteration 0 Fri Aug 07 22:05:12 2020
     =-=-=-=-=
     =-=-=-=-= Iteration 100 Fri Aug 07 22:05:12 2020
     =-=-=-=-=
     =-=-=-=-= Iteration 200 Fri Aug 07 22:05:12 2020
     =-=-=-=-=
     =-=-=-=-= Iteration 300 Fri Aug 07 22:05:12 2020
     =-=-=-=-=
     =-=-=-=-= Iteration 400 Fri Aug 07 22:05:13 2020
     =-=-=-=-=
     =-=-=-=-= Iteration 500 Fri Aug 07 22:05:13 2020
     =-=-=-=-=
     =-=-=-=-= Iteration 600 Fri Aug 07 22:05:13 2020
     =-=-=-=-=
     =-=-=-=-= Iteration 700 Fri Aug 07 22:05:13 2020
     =-=-=-=-=
     =-=-=-=-= Iteration 800 Fri Aug 07 22:05:13 2020
     =-=-=-=-=
     =-=-=-=-= Iteration 900 Fri Aug 07 22:05:14 2020
     =-=-=-=-=
     =-=-=-=-= Iteration 0 Fri Aug 07 22:05:14 2020
     =-=-=-=-=
     =-=-=-=-= Iteration 10 Fri Aug 07 22:05:14 2020
     =-=-=-=-=
     =-=-=-=-= Iteration 20 Fri Aug 07 22:05:14 2020
     =-=-=-=-=
     =-=-=-=-= Iteration 30 Fri Aug 07 22:05:14 2020
     =-=-=-=-=
     =-=-=-=-= Iteration 40 Fri Aug 07 22:05:14 2020
     =-=-=-=-=
     =-=-=-=-= Iteration 50 Fri Aug 07 22:05:14 2020
     =-=-=-=-=
     =-=-=-=-= Iteration 60 Fri Aug 07 22:05:14 2020
     =-=-=-=-=
     =-=-=-=-= Iteration 70 Fri Aug 07 22:05:14 2020
     =-=-=-=-=
     =-=-=-=-= Iteration 80 Fri Aug 07 22:05:14 2020
     =-=-=-=-=
     =-=-=-=-= Iteration 90 Fri Aug 07 22:05:14 2020
     =-=-=-=-=
     =-=-=-=-= Iteration 0 Fri Aug 07 22:05:14 2020
     =-=-=-=-=
     =-=-=-=-= Iteration 100 Fri Aug 07 22:05:21 2020
     =-=-=-=-=
     =-=-=-=-= Iteration 200 Fri Aug 07 22:05:27 2020
     =-=-=-=-=
     =-=-=-=-= Iteration 300 Fri Aug 07 22:05:33 2020
     =-=-=-=-=
     =-=-=-=-= Iteration 400 Fri Aug 07 22:05:39 2020
     =-=-=-=-=
     =-=-=-=-= Iteration 500 Fri Aug 07 22:05:45 2020
     =-=-=-=-=
     =-=-=-=-= Iteration 600 Fri Aug 07 22:05:52 2020
     =-=-=-=-=
     =-=-=-=-= Iteration 700 Fri Aug 07 22:05:58 2020
     =-=-=-=-=
     =-=-=-=-= Iteration 800 Fri Aug 07 22:06:04 2020
     =-=-=-=-=
     =-=-=-=-= Iteration 900 Fri Aug 07 22:06:11 2020
     =-=-=-=-=
     =-=-=-=-= Iteration 0 Fri Aug 07 22:06:18 2020
     =-=-=-=-=
     =-=-=-=-= Iteration 10 Fri Aug 07 22:06:19 2020
     =-=-=-=-=
     =-=-=-=-= Iteration 20 Fri Aug 07 22:06:20 2020
     =-=-=-=-=
     =-=-=-=-= Iteration 30 Fri Aug 07 22:06:20 2020
     =-=-=-=-=
     =-=-=-=-= Iteration 40 Fri Aug 07 22:06:21 2020
     =-=-=-=-=
     =-=-=-=-= Iteration 50 Fri Aug 07 22:06:22 2020
     =-=-=-=-=
     =-=-=-=-= Iteration 60 Fri Aug 07 22:06:22 2020
     =-=-=-=-=
     =-=-=-=-= Iteration 70 Fri Aug 07 22:06:23 2020
     =-=-=-=-=
     =-=-=-=-= Iteration 80 Fri Aug 07 22:06:24 2020
     =-=-=-=-=
     =-=-=-=-= Iteration 90 Fri Aug 07 22:06:24 2020
     =-=-=-=-=
     =-=-=-=-= Iteration 0 Fri Aug 07 22:06:25 2020
     =-=-=-=-=
     =-=-=-=-= Iteration 10 Fri Aug 07 22:06:25 2020
     =-=-=-=-=
     =-=-=-=-= Iteration 20 Fri Aug 07 22:06:25 2020
     =-=-=-=-=
     =-=-=-=-= Iteration 30 Fri Aug 07 22:06:26 2020
     =-=-=-=-=
     =-=-=-=-= Iteration 40 Fri Aug 07 22:06:26 2020
     =-=-=-=-=
     =-=-=-=-= Iteration 50 Fri Aug 07 22:06:26 2020
     =-=-=-=-=
     =-=-=-=-= Iteration 60 Fri Aug 07 22:06:26 2020
     =-=-=-=-=
     =-=-=-=-= Iteration 70 Fri Aug 07 22:06:27 2020
     =-=-=-=-=
     =-=-=-=-= Iteration 80 Fri Aug 07 22:06:27 2020
     =-=-=-=-=
     =-=-=-=-= Iteration 90 Fri Aug 07 22:06:27 2020
     =-=-=-=-=
     =-=-=-=-= Iteration 0 Fri Aug 07 22:06:27 2020
     =-=-=-=-=
     =-=-=-=-= Iteration 5 Fri Aug 07 22:06:28 2020
     =-=-=-=-=
     =-=-=-=-= Iteration 10 Fri Aug 07 22:06:28 2020
     =-=-=-=-=
     =-=-=-=-= Iteration 15 Fri Aug 07 22:06:28 2020
     =-=-=-=-=
     =-=-=-=-= Iteration 20 Fri Aug 07 22:06:28 2020
     =-=-=-=-=
     =-=-=-=-= Iteration 25 Fri Aug 07 22:06:28 2020
     =-=-=-=-=
     =-=-=-=-= Iteration 30 Fri Aug 07 22:06:29 2020
     =-=-=-=-=
     =-=-=-=-= Iteration 35 Fri Aug 07 22:06:29 2020
     =-=-=-=-=
     =-=-=-=-= Iteration 40 Fri Aug 07 22:06:29 2020
     =-=-=-=-=
     =-=-=-=-= Iteration 45 Fri Aug 07 22:06:29 2020
     =-=-=-=-=
     Starting the prediction.
     =-=-=-=-= Iteration 0 Fri Aug 07 22:06:32 2020
     =-=-=-=-=
     =-=-=-=-= Iteration 10 Fri Aug 07 22:06:33 2020
     =-=-=-=-=
     =-=-=-=-= Iteration 20 Fri Aug 07 22:06:34 2020
     =-=-=-=-=
     =-=-=-=-= Iteration 30 Fri Aug 07 22:06:35 2020
     =-=-=-=-=
     =-=-=-=-= Iteration 40 Fri Aug 07 22:06:35 2020
     =-=-=-=-=
     =-=-=-=-= Iteration 50 Fri Aug 07 22:06:36 2020
     =-=-=-=-=
     =-=-=-=-= Iteration 60 Fri Aug 07 22:06:37 2020
     =-=-=-=-=
     =-=-=-=-= Iteration 70 Fri Aug 07 22:06:38 2020
     =-=-=-=-=
     =-=-=-=-= Iteration 80 Fri Aug 07 22:06:39 2020
     =-=-=-=-=
     =-=-=-=-= Iteration 90 Fri Aug 07 22:06:40 2020
     =-=-=-=-=
     =-=-=-=-= Iteration 0 Fri Aug 07 22:06:43 2020
     =-=-=-=-=
     =-=-=-=-= Iteration 250 Fri Aug 07 22:06:44 2020
     =-=-=-=-=
     =-=-=-=-= Iteration 0 Fri Aug 07 22:06:44 2020
     =-=-=-=-=
     =-=-=-=-= Iteration 250 Fri Aug 07 22:06:45 2020
     =-=-=-=-=
     =-=-=-=-= Iteration 0 Fri Aug 07 22:06:45 2020
     =-=-=-=-=
     =-=-=-=-= Iteration 250 Fri Aug 07 22:06:45 2020
     =-=-=-=-=
     =-=-=-=-= Iteration 0 Fri Aug 07 22:06:46 2020
     =-=-=-=-=
     =-=-=-=-= Iteration 250 Fri Aug 07 22:06:46 2020
     =-=-=-=-=
     =-=-=-=-= Iteration 0 Fri Aug 07 22:06:46 2020
     =-=-=-=-=
     =-=-=-=-= Iteration 250 Fri Aug 07 22:06:47 2020
     =-=-=-=-=
     =-=-=-=-= Iteration 0 Fri Aug 07 22:06:47 2020
     =-=-=-=-=
     =-=-=-=-= Iteration 250 Fri Aug 07 22:06:48 2020
     =-=-=-=-=
     =-=-=-=-= Iteration 0 Fri Aug 07 22:06:48 2020
     =-=-=-=-=
     =-=-=-=-= Iteration 50 Fri Aug 07 22:06:48 2020
     =-=-=-=-=
     =-=-=-=-= Iteration 100 Fri Aug 07 22:06:48 2020
     =-=-=-=-=
     =-=-=-=-= Iteration 150 Fri Aug 07 22:06:48 2020
     =-=-=-=-=
     =-=-=-=-= Iteration 200 Fri Aug 07 22:06:49 2020
     =-=-=-=-=
     =-=-=-=-= Iteration 250 Fri Aug 07 22:06:49 2020
     =-=-=-=-=
     =-=-=-=-= Iteration 300 Fri Aug 07 22:06:49 2020
     =-=-=-=-=
     =-=-=-=-= Iteration 350 Fri Aug 07 22:06:49 2020
     =-=-=-=-=
     =-=-=-=-= Iteration 400 Fri Aug 07 22:06:49 2020
     =-=-=-=-=
     =-=-=-=-= Iteration 450 Fri Aug 07 22:06:49 2020
     =-=-=-=-=
     =-=-=-=-= Iteration 0 Fri Aug 07 22:06:49 2020
     =-=-=-=-=
     =-=-=-=-= Iteration 50 Fri Aug 07 22:06:49 2020
     =-=-=-=-=
     =-=-=-=-= Iteration 100 Fri Aug 07 22:06:50 2020
     =-=-=-=-=
     =-=-=-=-= Iteration 150 Fri Aug 07 22:06:50 2020
     =-=-=-=-=
     =-=-=-=-= Iteration 200 Fri Aug 07 22:06:50 2020
     =-=-=-=-=
     =-=-=-=-= Iteration 250 Fri Aug 07 22:06:51 2020
     =-=-=-=-=
     =-=-=-=-= Iteration 300 Fri Aug 07 22:06:51 2020
     =-=-=-=-=
     =-=-=-=-= Iteration 350 Fri Aug 07 22:06:51 2020
     =-=-=-=-=
     =-=-=-=-= Iteration 400 Fri Aug 07 22:06:52 2020
     =-=-=-=-=
     =-=-=-=-= Iteration 450 Fri Aug 07 22:06:52 2020
     =-=-=-=-=
     =-=-=-=-= Iteration 0 Fri Aug 07 22:06:55 2020
     =-=-=-=-=
     =-=-=-=-= Iteration 50 Fri Aug 07 22:06:56 2020
     =-=-=-=-=
     =-=-=-=-= Iteration 100 Fri Aug 07 22:06:56 2020
     =-=-=-=-=
     =-=-=-=-= Iteration 150 Fri Aug 07 22:06:56 2020
     =-=-=-=-=
     =-=-=-=-= Iteration 200 Fri Aug 07 22:06:57 2020
     =-=-=-=-=
     =-=-=-=-= Iteration 250 Fri Aug 07 22:06:57 2020
     =-=-=-=-=
     =-=-=-=-= Iteration 300 Fri Aug 07 22:06:58 2020
     =-=-=-=-=
     =-=-=-=-= Iteration 350 Fri Aug 07 22:06:58 2020
     =-=-=-=-=
     =-=-=-=-= Iteration 400 Fri Aug 07 22:06:58 2020
     =-=-=-=-=
     =-=-=-=-= Iteration 450 Fri Aug 07 22:06:59 2020
     =-=-=-=-=
     =-=-=-=-= Iteration 0 Fri Aug 07 22:07:05 2020
     =-=-=-=-=
     =-=-=-=-= Iteration 10 Fri Aug 07 22:07:06 2020
     =-=-=-=-=
     =-=-=-=-= Iteration 20 Fri Aug 07 22:07:07 2020
     =-=-=-=-=
     =-=-=-=-= Iteration 30 Fri Aug 07 22:07:07 2020
     =-=-=-=-=
     =-=-=-=-= Iteration 40 Fri Aug 07 22:07:08 2020
     =-=-=-=-=
     =-=-=-=-= Iteration 50 Fri Aug 07 22:07:09 2020
     =-=-=-=-=
     =-=-=-=-= Iteration 60 Fri Aug 07 22:07:10 2020
     =-=-=-=-=
     =-=-=-=-= Iteration 70 Fri Aug 07 22:07:10 2020
     =-=-=-=-=
     =-=-=-=-= Iteration 80 Fri Aug 07 22:07:11 2020
     =-=-=-=-=
     =-=-=-=-= Iteration 90 Fri Aug 07 22:07:12 2020
     =-=-=-=-=
     =-=-=-=-= Iteration 0 Fri Aug 07 22:07:14 2020
     =-=-=-=-=
     =-=-=-=-= Iteration 25 Fri Aug 07 22:07:14 2020
     =-=-=-=-=
     =-=-=-=-= Iteration 50 Fri Aug 07 22:07:14 2020
     =-=-=-=-=
     =-=-=-=-= Iteration 75 Fri Aug 07 22:07:14 2020
     =-=-=-=-=
     =-=-=-=-= Iteration 100 Fri Aug 07 22:07:14 2020
     =-=-=-=-=
     =-=-=-=-= Iteration 125 Fri Aug 07 22:07:14 2020
     =-=-=-=-=
     =-=-=-=-= Iteration 150 Fri Aug 07 22:07:15 2020
     =-=-=-=-=
     =-=-=-=-= Iteration 175 Fri Aug 07 22:07:15 2020
     =-=-=-=-=
     =-=-=-=-= Iteration 200 Fri Aug 07 22:07:15 2020
     =-=-=-=-=
     =-=-=-=-= Iteration 225 Fri Aug 07 22:07:15 2020
     =-=-=-=-=
     =-=-=-=-= Iteration 0 Fri Aug 07 22:07:15 2020
     =-=-=-=-=
     =-=-=-=-= Iteration 25 Fri Aug 07 22:07:16 2020
     =-=-=-=-=
     =-=-=-=-= Iteration 50 Fri Aug 07 22:07:16 2020
     =-=-=-=-=
     =-=-=-=-= Iteration 75 Fri Aug 07 22:07:16 2020
     =-=-=-=-=
     =-=-=-=-= Iteration 100 Fri Aug 07 22:07:16 2020
     =-=-=-=-=
     =-=-=-=-= Iteration 125 Fri Aug 07 22:07:16 2020
     =-=-=-=-=
     =-=-=-=-= Iteration 150 Fri Aug 07 22:07:16 2020
     =-=-=-=-=
     =-=-=-=-= Iteration 175 Fri Aug 07 22:07:16 2020
     =-=-=-=-=
     =-=-=-=-= Iteration 200 Fri Aug 07 22:07:17 2020
     =-=-=-=-=
     =-=-=-=-= Iteration 225 Fri Aug 07 22:07:17 2020
     =-=-=-=-=
     =-=-=-=-= Iteration 0 Fri Aug 07 22:07:17 2020
     =-=-=-=-=
     =-=-=-=-= Iteration 0 Fri Aug 07 22:07:21 2020
     =-=-=-=-=
     =-=-=-=-= Iteration 0 Fri Aug 07 22:07:24 2020
     =-=-=-=-=
     =-=-=-=-= Iteration 0 Fri Aug 07 22:07:31 2020
     =-=-=-=-=
     =-=-=-=-= Iteration 50 Fri Aug 07 22:07:31 2020
     =-=-=-=-=
     =-=-=-=-= Iteration 100 Fri Aug 07 22:07:32 2020
     =-=-=-=-=
     =-=-=-=-= Iteration 150 Fri Aug 07 22:07:33 2020
     =-=-=-=-=
     =-=-=-=-= Iteration 200 Fri Aug 07 22:07:33 2020
     =-=-=-=-=
     =-=-=-=-= Iteration 250 Fri Aug 07 22:07:34 2020
     =-=-=-=-=
     =-=-=-=-= Iteration 300 Fri Aug 07 22:07:34 2020
     =-=-=-=-=
     =-=-=-=-= Iteration 350 Fri Aug 07 22:07:35 2020
     =-=-=-=-=
     =-=-=-=-= Iteration 400 Fri Aug 07 22:07:35 2020
     =-=-=-=-=
     =-=-=-=-= Iteration 450 Fri Aug 07 22:07:36 2020
     =-=-=-=-=
     == testthat results ===========================================================
     [ OK: 65 | SKIPPED: 4 | WARNINGS: 0 | FAILED: 2 ]
     1. Failure: Models are identical (@test-dirm.R#38)
     2. Failure: Models are identical (@test-dirm.R#39)
    
     Error: testthat unit tests failed
     Execution halted
Flavor: r-release-windows-ix86+x86_64