CRAN Package Check Results for Package bsts

Last updated on 2022-01-17 06:53:10 CET.

Flavor Version Tinstall Tcheck Ttotal Status Flags
r-devel-linux-x86_64-debian-clang 0.9.7 94.29 132.42 226.71 OK
r-devel-linux-x86_64-debian-gcc 0.9.7 84.98 96.33 181.31 OK
r-devel-linux-x86_64-fedora-clang 0.9.7 319.56 NOTE
r-devel-linux-x86_64-fedora-gcc 0.9.7 310.60 OK
r-devel-windows-x86_64-new-UL 0.9.7 192.00 199.00 391.00 NOTE
r-devel-windows-x86_64-new-TK 0.9.7 OK
r-patched-linux-x86_64 0.9.7 103.44 133.05 236.49 OK
r-release-linux-x86_64 0.9.7 OK
r-release-macos-arm64 0.9.7 NOTE
r-release-macos-x86_64 0.9.7 NOTE
r-release-windows-ix86+x86_64 0.9.7 250.00 308.00 558.00 NOTE
r-oldrel-macos-x86_64 0.9.7 NOTE
r-oldrel-windows-ix86+x86_64 0.9.7 241.00 318.00 559.00 NOTE

Additional issues

rchk

Check Details

Version: 0.9.7
Check: installed package size
Result: NOTE
     installed size is 85.6Mb
     sub-directories of 1Mb or more:
     libs 84.9Mb
Flavors: r-devel-linux-x86_64-fedora-clang, r-devel-windows-x86_64-new-UL, r-release-macos-arm64, r-release-macos-x86_64, r-release-windows-ix86+x86_64, r-oldrel-macos-x86_64, r-oldrel-windows-ix86+x86_64