Last updated on 2021-01-17 06:46:44 CET.
Flavor | Version | Tinstall | Tcheck | Ttotal | Status | Flags |
---|---|---|---|---|---|---|
r-devel-linux-x86_64-debian-clang | 1.0.2 | 6.55 | 40.98 | 47.53 | OK | |
r-devel-linux-x86_64-debian-gcc | 1.0.2 | 4.92 | 32.68 | 37.60 | OK | |
r-devel-linux-x86_64-fedora-clang | 1.0.2 | 66.01 | OK | |||
r-devel-linux-x86_64-fedora-gcc | 1.0.2 | 59.27 | OK | |||
r-devel-windows-ix86+x86_64 | 1.0.2 | 9.00 | 50.00 | 59.00 | OK | |
r-patched-linux-x86_64 | 1.0.2 | 6.67 | 39.80 | 46.47 | OK | |
r-patched-solaris-x86 | 1.0.2 | 84.40 | NOTE | |||
r-release-linux-x86_64 | 1.0.2 | 6.60 | 40.19 | 46.79 | OK | |
r-release-macos-x86_64 | 1.0.2 | OK | ||||
r-release-windows-ix86+x86_64 | 1.0.2 | 11.00 | 44.00 | 55.00 | OK | |
r-oldrel-macos-x86_64 | 1.0.2 | OK | ||||
r-oldrel-windows-ix86+x86_64 | 1.0.2 | 9.00 | 60.00 | 69.00 | OK |
Version: 1.0.2
Check: package dependencies
Result: NOTE
Package suggested but not available for checking: ‘ssh’
Flavor: r-patched-solaris-x86