CRAN Package Check Results for Package bucky

Last updated on 2024-02-29 06:54:02 CET.

Flavor Version Tinstall Tcheck Ttotal Status Flags
r-devel-linux-x86_64-debian-clang 1.0.7 3.34 43.85 47.19 OK
r-devel-linux-x86_64-debian-gcc 1.0.7 2.45 33.34 35.79 OK
r-devel-linux-x86_64-fedora-clang 1.0.7 58.79 NOTE
r-devel-linux-x86_64-fedora-gcc 1.0.7 56.34 OK
r-devel-windows-x86_64 1.0.7 4.00 53.00 57.00 OK
r-patched-linux-x86_64 1.0.7 3.56 42.45 46.01 OK
r-release-linux-x86_64 1.0.7 2.32 42.00 44.32 OK
r-release-macos-arm64 1.0.7 22.00 OK
r-release-macos-x86_64 1.0.7 30.00 OK
r-release-windows-x86_64 1.0.7 5.00 59.00 64.00 OK
r-oldrel-macos-arm64 1.0.7 20.00 OK
r-oldrel-windows-x86_64 1.0.7 6.00 63.00 69.00 OK

Check Details

Version: 1.0.7
Check: Rd cross-references
Result: NOTE Undeclared package ‘mitools’ in Rd xrefs Flavor: r-devel-linux-x86_64-fedora-clang