CRAN Package Check Results for Package butcher

Last updated on 2020-09-27 06:46:29 CEST.

Flavor Version Tinstall Tcheck Ttotal Status Flags
r-devel-linux-x86_64-debian-clang 0.1.2 4.90 90.02 94.92 OK
r-devel-linux-x86_64-debian-gcc 0.1.2 3.61 68.99 72.60 OK
r-devel-linux-x86_64-fedora-clang 0.1.2 125.58 NOTE
r-devel-linux-x86_64-fedora-gcc 0.1.2 110.50 NOTE
r-devel-windows-ix86+x86_64 0.1.2 10.00 137.00 147.00 OK
r-patched-linux-x86_64 0.1.2 5.04 86.40 91.44 OK
r-patched-solaris-x86 0.1.2 222.90 NOTE
r-release-linux-x86_64 0.1.2 5.15 87.83 92.98 OK
r-release-macos-x86_64 0.1.2 NOTE
r-release-windows-ix86+x86_64 0.1.2 15.00 124.00 139.00 OK
r-oldrel-macos-x86_64 0.1.2 NOTE
r-oldrel-windows-ix86+x86_64 0.1.2 8.00 124.00 132.00 OK

Check Details

Version: 0.1.2
Check: dependencies in R code
Result: NOTE
    Namespace in Imports field not imported from: ‘modeldata’
     All declared Imports should be used.
Flavors: r-devel-linux-x86_64-fedora-clang, r-devel-linux-x86_64-fedora-gcc, r-patched-solaris-x86, r-release-macos-x86_64, r-oldrel-macos-x86_64