CRAN Package Check Results for Package bvhar

Last updated on 2024-06-20 06:57:08 CEST.

Flavor Version Tinstall Tcheck Ttotal Status Flags
r-devel-linux-x86_64-debian-clang 2.0.1 702.03 185.92 887.95 OK
r-devel-linux-x86_64-debian-gcc 2.0.1 568.47 204.76 773.23 OK
r-devel-linux-x86_64-fedora-clang 2.0.1 1161.05 OK
r-devel-linux-x86_64-fedora-gcc 2.0.1 1511.65 OK
r-devel-windows-x86_64 2.0.1 527.00 234.00 761.00 NOTE
r-patched-linux-x86_64 2.0.1 721.32 263.20 984.52 OK
r-release-linux-x86_64 2.0.1 700.81 262.81 963.62 OK
r-release-macos-arm64 2.0.1 267.00 NOTE
r-release-macos-x86_64 2.0.1 344.00 NOTE
r-release-windows-x86_64 2.0.1 512.00 235.00 747.00 NOTE
r-oldrel-macos-arm64 2.0.1 295.00 NOTE
r-oldrel-macos-x86_64 2.0.1 333.00 NOTE
r-oldrel-windows-x86_64 2.0.1 678.00 290.00 968.00 NOTE

Check Details

Version: 2.0.1
Check: installed package size
Result: NOTE installed size is 5.1Mb sub-directories of 1Mb or more: libs 2.8Mb Flavors: r-devel-windows-x86_64, r-release-macos-arm64, r-release-macos-x86_64, r-release-windows-x86_64, r-oldrel-macos-arm64, r-oldrel-macos-x86_64, r-oldrel-windows-x86_64