CRAN Package Check Results for Package bysykkel

Last updated on 2022-10-01 07:07:53 CEST.

Flavor Version Tinstall Tcheck Ttotal Status Flags
r-devel-linux-x86_64-debian-clang 0.3.1 6.98 50.10 57.08 NOTE
r-devel-linux-x86_64-debian-gcc 0.3.1 5.44 38.23 43.67 NOTE
r-devel-linux-x86_64-fedora-clang 0.3.1 83.03 NOTE
r-devel-linux-x86_64-fedora-gcc 0.3.1 77.05 NOTE
r-devel-windows-x86_64 0.3.1 18.00 74.00 92.00 NOTE
r-patched-linux-x86_64 0.3.1 4.96 47.46 52.42 NOTE
r-release-linux-x86_64 0.3.1 5.09 48.49 53.58 NOTE
r-release-macos-arm64 0.3.1 24.00 NOTE
r-release-macos-x86_64 0.3.1 33.00 NOTE
r-release-windows-x86_64 0.3.1 19.00 73.00 92.00 NOTE
r-oldrel-macos-arm64 0.3.1 35.00 NOTE
r-oldrel-macos-x86_64 0.3.1 39.00 NOTE
r-oldrel-windows-ix86+x86_64 0.3.1 14.00 71.00 85.00 NOTE

Check Details

Version: 0.3.1
Check: LazyData
Result: NOTE
     'LazyData' is specified without a 'data' directory
Flavors: r-devel-linux-x86_64-debian-clang, r-devel-linux-x86_64-debian-gcc, r-devel-linux-x86_64-fedora-clang, r-devel-linux-x86_64-fedora-gcc, r-devel-windows-x86_64, r-patched-linux-x86_64, r-release-linux-x86_64, r-release-macos-arm64, r-release-macos-x86_64, r-release-windows-x86_64, r-oldrel-macos-arm64, r-oldrel-macos-x86_64, r-oldrel-windows-ix86+x86_64