Last updated on 2023-02-02 06:54:45 CET.
Flavor | Version | Tinstall | Tcheck | Ttotal | Status | Flags |
---|---|---|---|---|---|---|
r-devel-linux-x86_64-debian-clang | 1.3.2 | 94.78 | 551.19 | 645.97 | NOTE | |
r-devel-linux-x86_64-debian-gcc | 1.3.2 | 67.25 | 351.90 | 419.15 | NOTE | |
r-devel-linux-x86_64-fedora-clang | 1.3.2 | 690.06 | NOTE | |||
r-devel-linux-x86_64-fedora-gcc | 1.3.2 | 646.12 | NOTE | |||
r-devel-windows-x86_64 | 1.3.2 | 78.00 | 461.00 | 539.00 | NOTE | |
r-patched-linux-x86_64 | 1.3.2 | 69.22 | 460.43 | 529.65 | OK | |
r-release-linux-x86_64 | 1.3.2 | 68.02 | 447.90 | 515.92 | OK | |
r-release-macos-arm64 | 1.3.2 | 239.00 | NOTE | |||
r-release-macos-x86_64 | 1.3.2 | 225.00 | OK | |||
r-release-windows-x86_64 | 1.3.2 | 130.00 | 471.00 | 601.00 | OK | |
r-oldrel-macos-arm64 | 1.3.2 | 221.00 | NOTE | |||
r-oldrel-macos-x86_64 | 1.3.2 | 228.00 | OK | |||
r-oldrel-windows-ix86+x86_64 | 1.3.2 | 203.00 | 488.00 | 691.00 | OK |
Version: 1.3.2
Check: C++ specification
Result: NOTE
Specified C++11: please update to current default of C++17
Flavors: r-devel-linux-x86_64-debian-clang, r-devel-linux-x86_64-debian-gcc, r-devel-linux-x86_64-fedora-clang, r-devel-linux-x86_64-fedora-gcc, r-devel-windows-x86_64
Version: 1.3.2
Check: installed package size
Result: NOTE
installed size is 5.1Mb
sub-directories of 1Mb or more:
libs 4.9Mb
Flavors: r-release-macos-arm64, r-oldrel-macos-arm64